{"id":13498,"date":"2024-02-14T17:43:01","date_gmt":"2024-02-14T23:43:01","guid":{"rendered":"https:\/\/itv.geekbotelectronics.com\/?post_type=product&#038;p=13498"},"modified":"2025-03-05T14:48:12","modified_gmt":"2025-03-05T20:48:12","slug":"shield-multifuncion-con-display-para-arduino","status":"publish","type":"product","link":"https:\/\/itv.geekbotelectronics.com\/index.php\/product\/shield-multifuncion-con-display-para-arduino\/","title":{"rendered":"Shield Multifunci\u00f3n con display para Arduino"},"content":{"rendered":"<p>El shield multifuncional est\u00e1 dise\u00f1ado para facilitar el hardware en el aprendizaje de Arduino. Usando este shield tenemos acceso a componentes indispensables para fortalecer la programaci\u00f3n de Arduino. De esta forma ahorramos tiempo en verificar conexiones y depurar errores.<\/p>\n<p>Posee 4 Leds, 1 potenci\u00f3metro, 3 botones con resistencias pullup que se habilitan con J2, 1 buzzer, un display de 4 d\u00edgitos controlado por dos 74HC595, base para LM35 o habilitando J1 para un DS18B20, base para Sensor IR ,1 base para un APC220 y 4 conectores para sensores o servos.<\/p>\n<p>ESPECIFICACIONES:<\/p>\n<ul>\n<li>Cuatro Displays digitales de 7 segmentos (usando el controlador 74HC595 provincial IO learning SPI), puede hacer un experimento de visualizaci\u00f3n digital (puede mostrar la temperatura, el voltaje, el valor del contador, etc.).<\/li>\n<li>4 Leds indicadores<\/li>\n<li>1 Potenci\u00f3metro ajustable de precisi\u00f3n 3296, puerto de entrada anal\u00f3gica (se puede usar para controlar el brillo del LED, girar el \u00e1ngulo de direcci\u00f3n, el voltaje digital, etc.)<\/li>\n<li>3 botones pulsadores<\/li>\n<li>1 buzzer<\/li>\n<li>Interfaz de sensor de temperatura DS18B20 (No incluido).<\/li>\n<li>Interfaz de sensor de temperatura LM35 (No incluido).<\/li>\n<li>Interfaz de Receptor de infrarrojos que puede adaptarse a cualquier experimento de control remoto por infrarrojos. (No incluido).<\/li>\n<li>Interfaces Bluetooth, m\u00f3dulo de voz (No incluido).<\/li>\n<li>Interfaz para servos<\/li>\n<li>1 Boton Reset<\/li>\n<li>Compatible con tarjetas Uno, Mega, Leonardo y otros Arduinos de 5V que utilizan el dise\u00f1o de pines Uno R3<\/li>\n<\/ul>\n<p>&nbsp;<\/p>\n","protected":false},"excerpt":{"rendered":"<p>El shield multifuncional est\u00e1 dise\u00f1ado para facilitar el hardware en el aprendizaje de Arduino. Usando este shield tenemos acceso a componentes indispensables para fortalecer la programaci\u00f3n de Arduino. De esta forma ahorramos tiempo en verificar conexiones y depurar errores. Posee 4 Leds, 1 potenci\u00f3metro, 3 botones con resistencias pullup que se habilitan con J2, 1 [&hellip;]<\/p>\n","protected":false},"featured_media":13499,"comment_status":"open","ping_status":"closed","template":"","meta":{"_lmt_disableupdate":"no","_lmt_disable":""},"product_brand":[],"product_cat":[68,30,25],"product_tag":[],"class_list":{"0":"post-13498","1":"product","2":"type-product","3":"status-publish","4":"has-post-thumbnail","6":"product_cat-ambientales","7":"product_cat-microcontroladores","8":"product_cat-modulos","10":"first","11":"instock","12":"taxable","13":"shipping-taxable","14":"purchasable","15":"product-type-simple"},"_links":{"self":[{"href":"https:\/\/itv.geekbotelectronics.com\/index.php\/wp-json\/wp\/v2\/product\/13498"}],"collection":[{"href":"https:\/\/itv.geekbotelectronics.com\/index.php\/wp-json\/wp\/v2\/product"}],"about":[{"href":"https:\/\/itv.geekbotelectronics.com\/index.php\/wp-json\/wp\/v2\/types\/product"}],"replies":[{"embeddable":true,"href":"https:\/\/itv.geekbotelectronics.com\/index.php\/wp-json\/wp\/v2\/comments?post=13498"}],"wp:featuredmedia":[{"embeddable":true,"href":"https:\/\/itv.geekbotelectronics.com\/index.php\/wp-json\/wp\/v2\/media\/13499"}],"wp:attachment":[{"href":"https:\/\/itv.geekbotelectronics.com\/index.php\/wp-json\/wp\/v2\/media?parent=13498"}],"wp:term":[{"taxonomy":"product_brand","embeddable":true,"href":"https:\/\/itv.geekbotelectronics.com\/index.php\/wp-json\/wp\/v2\/product_brand?post=13498"},{"taxonomy":"product_cat","embeddable":true,"href":"https:\/\/itv.geekbotelectronics.com\/index.php\/wp-json\/wp\/v2\/product_cat?post=13498"},{"taxonomy":"product_tag","embeddable":true,"href":"https:\/\/itv.geekbotelectronics.com\/index.php\/wp-json\/wp\/v2\/product_tag?post=13498"}],"curies":[{"name":"wp","href":"https:\/\/api.w.org\/{rel}","templated":true}]}}