{"id":19248,"date":"2024-11-25T09:25:32","date_gmt":"2024-11-25T15:25:32","guid":{"rendered":"https:\/\/itv.geekbotelectronics.com\/?post_type=product&#038;p=19248"},"modified":"2024-11-25T09:25:32","modified_gmt":"2024-11-25T15:25:32","slug":"analizador-logico-usb-24mhz-8-canales","status":"publish","type":"product","link":"https:\/\/itv.geekbotelectronics.com\/index.php\/product\/analizador-logico-usb-24mhz-8-canales\/","title":{"rendered":"Analizador L\u00f3gico USB 24MHz 8 Canales"},"content":{"rendered":"<h3><strong>INFORMACI\u00d3N<\/strong><\/h3>\n<p>El analizador l\u00f3gico USB 24MHz 8 canales es un dispositivo de hardware utilizado para capturar y registrar se\u00f1ales digitales en circuitos electr\u00f3nicos. Cuenta con una frecuencia de muestreo de hasta 24 MHz y ocho canales de entrada, lo que permite monitorear m\u00faltiples l\u00edneas de datos simult\u00e1neamente. El dispositivo se conecta a una computadora a trav\u00e9s de un puerto USB, donde las se\u00f1ales capturadas pueden ser visualizadas y analizadas con software especializado.<\/p>\n<p>El Analizador L\u00f3gico USB 24MHz 8 Canales es especialmente \u00fatil para la depuraci\u00f3n y verificaci\u00f3n de sistemas digitales, como los que se encuentran en proyectos basados en ARM y FPGA. Permite a los ingenieros identificar problemas de temporizaci\u00f3n y verificar la correcta operaci\u00f3n de diversos protocolos de comunicaci\u00f3n digital, como I2C, SPI y UART. Con su capacidad de monitorear m\u00faltiples canales a alta velocidad, facilita la identificaci\u00f3n de errores y la optimizaci\u00f3n del rendimiento de los circuitos digitales.<\/p>\n<hr \/>\n<h3><strong>ESPECIFICACIONES Y CARACTER\u00cdSTICAS<\/strong><\/h3>\n<ul>\n<li>Tipo: Analizador L\u00f3gico<\/li>\n<li>Material: Pl\u00e1stico<\/li>\n<li>Color: Negro<\/li>\n<li>Canales: 8<\/li>\n<li>Frecuencia: 24MHz<\/li>\n<li>Interfaz: USB<\/li>\n<li>Soporte: Win7, 10 y 11 (32 y 64), XP o Linux<\/li>\n<li>Contiene:\n<ul>\n<li>1 Analizador L\u00f3gico<\/li>\n<li>1 Cable USB<\/li>\n<li>10 Cables Dupont<\/li>\n<\/ul>\n<\/li>\n<li>Dimensiones: 28 mm x 56.8 mm x 14 mm<\/li>\n<li>Peso: 42g<\/li>\n<\/ul>\n","protected":false},"excerpt":{"rendered":"<p>INFORMACI\u00d3N El analizador l\u00f3gico USB 24MHz 8 canales es un dispositivo de hardware utilizado para capturar y registrar se\u00f1ales digitales en circuitos electr\u00f3nicos. Cuenta con una frecuencia de muestreo de hasta 24 MHz y ocho canales de entrada, lo que permite monitorear m\u00faltiples l\u00edneas de datos simult\u00e1neamente. El dispositivo se conecta a una computadora a [&hellip;]<\/p>\n","protected":false},"featured_media":19249,"comment_status":"open","ping_status":"closed","template":"","meta":{"_lmt_disableupdate":"","_lmt_disable":""},"product_brand":[],"product_cat":[105],"product_tag":[],"class_list":{"0":"post-19248","1":"product","2":"type-product","3":"status-publish","4":"has-post-thumbnail","6":"product_cat-medicion","8":"first","9":"instock","10":"taxable","11":"shipping-taxable","12":"purchasable","13":"product-type-simple"},"_links":{"self":[{"href":"https:\/\/itv.geekbotelectronics.com\/index.php\/wp-json\/wp\/v2\/product\/19248"}],"collection":[{"href":"https:\/\/itv.geekbotelectronics.com\/index.php\/wp-json\/wp\/v2\/product"}],"about":[{"href":"https:\/\/itv.geekbotelectronics.com\/index.php\/wp-json\/wp\/v2\/types\/product"}],"replies":[{"embeddable":true,"href":"https:\/\/itv.geekbotelectronics.com\/index.php\/wp-json\/wp\/v2\/comments?post=19248"}],"wp:featuredmedia":[{"embeddable":true,"href":"https:\/\/itv.geekbotelectronics.com\/index.php\/wp-json\/wp\/v2\/media\/19249"}],"wp:attachment":[{"href":"https:\/\/itv.geekbotelectronics.com\/index.php\/wp-json\/wp\/v2\/media?parent=19248"}],"wp:term":[{"taxonomy":"product_brand","embeddable":true,"href":"https:\/\/itv.geekbotelectronics.com\/index.php\/wp-json\/wp\/v2\/product_brand?post=19248"},{"taxonomy":"product_cat","embeddable":true,"href":"https:\/\/itv.geekbotelectronics.com\/index.php\/wp-json\/wp\/v2\/product_cat?post=19248"},{"taxonomy":"product_tag","embeddable":true,"href":"https:\/\/itv.geekbotelectronics.com\/index.php\/wp-json\/wp\/v2\/product_tag?post=19248"}],"curies":[{"name":"wp","href":"https:\/\/api.w.org\/{rel}","templated":true}]}}