{"id":23525,"date":"2025-06-25T13:46:07","date_gmt":"2025-06-25T19:46:07","guid":{"rendered":"https:\/\/itv.geekbotelectronics.com\/?post_type=product&#038;p=23525"},"modified":"2025-06-26T18:44:46","modified_gmt":"2025-06-27T00:44:46","slug":"sensor-de-color-tcs3472","status":"publish","type":"product","link":"https:\/\/itv.geekbotelectronics.com\/index.php\/product\/sensor-de-color-tcs3472\/","title":{"rendered":"sensor de color TCS3472"},"content":{"rendered":"<ul>\n<li><span>Tensi\u00f3n de alimentaci\u00f3n: 3,3-5,5 V CC<\/span><\/li>\n<li><span>Voltaje de se\u00f1al: 3,3-5,5 V<\/span><\/li>\n<li><span>Chip sensor: TCS34725 o TCS34727<\/span><\/li>\n<li><span>Comunicaci\u00f3n: I2C<\/span>\n<ul>\n<li><span>Direcci\u00f3n I2C: 0x29<\/span><\/li>\n<\/ul>\n<\/li>\n<\/ul>\n","protected":false},"excerpt":{"rendered":"<p>Tensi\u00f3n de alimentaci\u00f3n: 3,3-5,5 V CC Voltaje de se\u00f1al: 3,3-5,5 V Chip sensor: TCS34725 o TCS34727 Comunicaci\u00f3n: I2C Direcci\u00f3n I2C: 0x29<\/p>\n","protected":false},"featured_media":23526,"comment_status":"open","ping_status":"closed","template":"","meta":{"_lmt_disableupdate":"no","_lmt_disable":""},"product_brand":[],"product_cat":[68],"product_tag":[],"class_list":{"0":"post-23525","1":"product","2":"type-product","3":"status-publish","4":"has-post-thumbnail","6":"product_cat-ambientales","8":"first","9":"instock","10":"taxable","11":"shipping-taxable","12":"purchasable","13":"product-type-simple"},"_links":{"self":[{"href":"https:\/\/itv.geekbotelectronics.com\/index.php\/wp-json\/wp\/v2\/product\/23525"}],"collection":[{"href":"https:\/\/itv.geekbotelectronics.com\/index.php\/wp-json\/wp\/v2\/product"}],"about":[{"href":"https:\/\/itv.geekbotelectronics.com\/index.php\/wp-json\/wp\/v2\/types\/product"}],"replies":[{"embeddable":true,"href":"https:\/\/itv.geekbotelectronics.com\/index.php\/wp-json\/wp\/v2\/comments?post=23525"}],"wp:featuredmedia":[{"embeddable":true,"href":"https:\/\/itv.geekbotelectronics.com\/index.php\/wp-json\/wp\/v2\/media\/23526"}],"wp:attachment":[{"href":"https:\/\/itv.geekbotelectronics.com\/index.php\/wp-json\/wp\/v2\/media?parent=23525"}],"wp:term":[{"taxonomy":"product_brand","embeddable":true,"href":"https:\/\/itv.geekbotelectronics.com\/index.php\/wp-json\/wp\/v2\/product_brand?post=23525"},{"taxonomy":"product_cat","embeddable":true,"href":"https:\/\/itv.geekbotelectronics.com\/index.php\/wp-json\/wp\/v2\/product_cat?post=23525"},{"taxonomy":"product_tag","embeddable":true,"href":"https:\/\/itv.geekbotelectronics.com\/index.php\/wp-json\/wp\/v2\/product_tag?post=23525"}],"curies":[{"name":"wp","href":"https:\/\/api.w.org\/{rel}","templated":true}]}}