{"id":23574,"date":"2025-07-08T13:35:33","date_gmt":"2025-07-08T19:35:33","guid":{"rendered":"https:\/\/itv.geekbotelectronics.com\/?post_type=product&#038;p=23574"},"modified":"2025-10-21T11:48:47","modified_gmt":"2025-10-21T17:48:47","slug":"puente-rectificador-kbp307","status":"publish","type":"product","link":"https:\/\/itv.geekbotelectronics.com\/index.php\/product\/puente-rectificador-kbp307\/","title":{"rendered":"Puente Rectificador KBP307"},"content":{"rendered":"<h4 style=\"text-align: justify\">KBU610 puente Rectificador<\/h4>\n<p style=\"text-align: justify\"><span style=\"color: #000000\">Puente rectificador KBP307lineal. Un puente de diodos es un arreglo de componentes electr\u00f3nicos, que est\u00e1 presente en la mayor\u00eda de las fuentes de voltaje; el puente de diodos est\u00e1 formado regularmente por 4 diodos, conectados de forma especifica, y tienen como funci\u00f3n transformar la corriente alterna a corriente directa.<\/span><\/p>\n<p style=\"text-align: justify\"><span style=\"color: #000000\">Consiste en cuatro <a style=\"color: #000000\" title=\"Diodo\" href=\"https:\/\/es.wikipedia.org\/wiki\/Diodo\">diodos<\/a> comunes, que convierten una se\u00f1al con partes positivas y negativas en una se\u00f1al \u00fanicamente positiva. Un simple diodo permitir\u00eda quedarse con la parte positiva, pero el puente permite aprovechar tambi\u00e9n la parte negativa. El puente, junto con un <a style=\"color: #000000\" title=\"Condensador el\u00e9ctrico\" href=\"https:\/\/es.wikipedia.org\/wiki\/Condensador_el%C3%A9ctrico\">condensador<\/a> y un <a style=\"color: #000000\" title=\"Diodo Zener\" href=\"https:\/\/es.wikipedia.org\/wiki\/Diodo_Zener\">diodo Zener<\/a>, permite convertir la corriente alterna en continua. El papel de los cuatro diodos comunes es hacer que la <a style=\"color: #000000\" title=\"Electricidad\" href=\"https:\/\/es.wikipedia.org\/wiki\/Electricidad\">electricidad<\/a> vaya en un solo sentido, mientras que el resto de componentes tienen como funci\u00f3n estabilizar la se\u00f1al. Usualmente se suele a\u00f1adir una etapa amplificadora con un <a style=\"color: #000000\" title=\"Transistor de uni\u00f3n bipolar\" href=\"https:\/\/es.wikipedia.org\/wiki\/Transistor_de_uni%C3%B3n_bipolar\">transistor<\/a>\u00a0para solventar las limitaciones que estos componentes tienen en la pr\u00e1ctica en cuanto a intensidad.<\/span><\/p>\n<h5>Especificaciones<\/h5>\n<ul>\n<li>Voltaje: 1000 V<\/li>\n<li>Corriente: 3 A<\/li>\n<li>Dimensiones: 23.7 x 7.1 x 19.3 mm<\/li>\n<li>Lineal<\/li>\n<li>4 pines<\/li>\n<li>Modelo: KBP307<\/li>\n<\/ul>\n","protected":false},"excerpt":{"rendered":"<p>Puente rectificador KBP307 lineal.<\/p>\n","protected":false},"featured_media":1238,"comment_status":"closed","ping_status":"closed","template":"","meta":{"_lmt_disableupdate":"no","_lmt_disable":""},"product_brand":[],"product_cat":[41],"product_tag":[],"class_list":{"0":"post-23574","1":"product","2":"type-product","3":"status-publish","4":"has-post-thumbnail","6":"product_cat-diodos-varios","8":"first","9":"instock","10":"purchasable","11":"product-type-simple"},"_links":{"self":[{"href":"https:\/\/itv.geekbotelectronics.com\/index.php\/wp-json\/wp\/v2\/product\/23574"}],"collection":[{"href":"https:\/\/itv.geekbotelectronics.com\/index.php\/wp-json\/wp\/v2\/product"}],"about":[{"href":"https:\/\/itv.geekbotelectronics.com\/index.php\/wp-json\/wp\/v2\/types\/product"}],"replies":[{"embeddable":true,"href":"https:\/\/itv.geekbotelectronics.com\/index.php\/wp-json\/wp\/v2\/comments?post=23574"}],"wp:featuredmedia":[{"embeddable":true,"href":"https:\/\/itv.geekbotelectronics.com\/index.php\/wp-json\/wp\/v2\/media\/1238"}],"wp:attachment":[{"href":"https:\/\/itv.geekbotelectronics.com\/index.php\/wp-json\/wp\/v2\/media?parent=23574"}],"wp:term":[{"taxonomy":"product_brand","embeddable":true,"href":"https:\/\/itv.geekbotelectronics.com\/index.php\/wp-json\/wp\/v2\/product_brand?post=23574"},{"taxonomy":"product_cat","embeddable":true,"href":"https:\/\/itv.geekbotelectronics.com\/index.php\/wp-json\/wp\/v2\/product_cat?post=23574"},{"taxonomy":"product_tag","embeddable":true,"href":"https:\/\/itv.geekbotelectronics.com\/index.php\/wp-json\/wp\/v2\/product_tag?post=23574"}],"curies":[{"name":"wp","href":"https:\/\/api.w.org\/{rel}","templated":true}]}}