{"id":2751,"date":"2022-09-05T22:08:32","date_gmt":"2022-09-06T04:08:32","guid":{"rendered":"https:\/\/itv.geekbotelectronics.com\/?post_type=product&#038;p=2751"},"modified":"2025-05-30T15:38:06","modified_gmt":"2025-05-30T21:38:06","slug":"arduino-uno-r3","status":"publish","type":"product","link":"https:\/\/itv.geekbotelectronics.com\/index.php\/product\/arduino-uno-r3\/","title":{"rendered":"Arduino Uno R3 Original"},"content":{"rendered":"<p style=\"text-align: justify\"><span style=\"color: #000000\">Arduino uno es una plataforma de c\u00f3mputo libre [open-source] basado en una tarjeta I\/O [entradas y salidas] programada en un ambiente con un lenguaje similar a C llamado Processing\/Wiring. Arduino puede ser utilizado para desarrollar objetos aut\u00f3nomos e interactivos, capaz de comunicarse con software instalado en tu computadora como Flash, Processing, MaxMSP, etc. . Dada su r\u00e1pida curva de aprendizaje y su bajo precio constituye una herramienta ideal para estudiantes, maestros, dise\u00f1adores y cualquier interesado en electr\u00f3nica y rob\u00f3tica. El software para su programaci\u00f3n es gratuito y puede ser\u00a0<a class=\"wikilink\" style=\"color: #000000\" href=\"http:\/\/arduino.berlios.de\/index.php\/Main\/Software\" target=\"_blank\" rel=\"noopener noreferrer\">descargado<\/a>\u00a0para Mac OS X, Windows y Linux.<\/span><\/p>\n<h4 style=\"text-align: justify\"><span style=\"color: #000000\"><strong>Especificaciones<\/strong><\/span><\/h4>\n<ul>\n<li><span style=\"color: #000000\">Microcontrolador ATmega328<\/span><\/li>\n<li><span style=\"color: #000000\">Voltaje de trabajo: 5V<\/span><\/li>\n<li><span style=\"color: #000000\">Voltaje de entrada recomendado: 7-12V<\/span><\/li>\n<li><span style=\"color: #000000\">Voltaje de entrada m\u00ednimo: 6<\/span><\/li>\n<li><span style=\"color: #000000\">Voltaje de entrada m\u00e1ximo: 20V<\/span><\/li>\n<li><span style=\"color: #000000\">Pines de entrada\/salida digitales: 14 (6 de los cuales pueden ser salidas de PWM.<\/span><\/li>\n<li><span style=\"color: #000000\">Pines de entradas anal\u00f3gica: 6<\/span><\/li>\n<li><span style=\"color: #000000\">Corriente m\u00e1xima en cada pin: 40 mA<\/span><\/li>\n<li><span style=\"color: #000000\">Memoria flash: 32 KB de los cuales se ocupan .5 KB para el bootloader<\/span><\/li>\n<li><span style=\"color: #000000\">Memoria SRAM: 2 KB<\/span><\/li>\n<li><span style=\"color: #000000\">Memoria EEPROM: 1 KB<\/span><\/li>\n<li><span style=\"color: #000000\">Velocidad de reloj: 16 MHz<\/span><\/li>\n<\/ul>\n<p><span style=\"color: #800080\"><a style=\"color: #800080\" href=\"https:\/\/www.arduino.cc\/en\/Main\/Software\" target=\"_blank\" rel=\"noopener noreferrer\">Descarga sofwarwe<\/a><\/span><\/p>\n","protected":false},"excerpt":{"rendered":"<p>Arduino uno puede ser utilizado para desarrollar objetos aut\u00f3nomos e interactivos, como prototipos o interactuar con software instalado en el ordenador. Dada su r\u00e1pida curva de aprendizaje y su precio econ\u00f3mico es ideal para educadores, dise\u00f1adores y cualquiera interesado en la electr\u00f3nica y rob\u00f3tica.<\/p>\n","protected":false},"featured_media":48,"comment_status":"closed","ping_status":"closed","template":"","meta":{"_lmt_disableupdate":"no","_lmt_disable":""},"product_brand":[],"product_cat":[30],"product_tag":[],"class_list":{"0":"post-2751","1":"product","2":"type-product","3":"status-publish","4":"has-post-thumbnail","6":"product_cat-microcontroladores","8":"first","9":"outofstock","10":"taxable","11":"shipping-taxable","12":"purchasable","13":"product-type-simple"},"_links":{"self":[{"href":"https:\/\/itv.geekbotelectronics.com\/index.php\/wp-json\/wp\/v2\/product\/2751"}],"collection":[{"href":"https:\/\/itv.geekbotelectronics.com\/index.php\/wp-json\/wp\/v2\/product"}],"about":[{"href":"https:\/\/itv.geekbotelectronics.com\/index.php\/wp-json\/wp\/v2\/types\/product"}],"replies":[{"embeddable":true,"href":"https:\/\/itv.geekbotelectronics.com\/index.php\/wp-json\/wp\/v2\/comments?post=2751"}],"wp:featuredmedia":[{"embeddable":true,"href":"https:\/\/itv.geekbotelectronics.com\/index.php\/wp-json\/wp\/v2\/media\/48"}],"wp:attachment":[{"href":"https:\/\/itv.geekbotelectronics.com\/index.php\/wp-json\/wp\/v2\/media?parent=2751"}],"wp:term":[{"taxonomy":"product_brand","embeddable":true,"href":"https:\/\/itv.geekbotelectronics.com\/index.php\/wp-json\/wp\/v2\/product_brand?post=2751"},{"taxonomy":"product_cat","embeddable":true,"href":"https:\/\/itv.geekbotelectronics.com\/index.php\/wp-json\/wp\/v2\/product_cat?post=2751"},{"taxonomy":"product_tag","embeddable":true,"href":"https:\/\/itv.geekbotelectronics.com\/index.php\/wp-json\/wp\/v2\/product_tag?post=2751"}],"curies":[{"name":"wp","href":"https:\/\/api.w.org\/{rel}","templated":true}]}}