{"id":2762,"date":"2022-09-05T22:08:33","date_gmt":"2022-09-06T04:08:33","guid":{"rendered":"https:\/\/itv.geekbotelectronics.com\/?post_type=product&#038;p=2762"},"modified":"2025-11-12T13:44:59","modified_gmt":"2025-11-12T19:44:59","slug":"diodo-1n4007","status":"publish","type":"product","link":"https:\/\/itv.geekbotelectronics.com\/index.php\/product\/diodo-1n4007\/","title":{"rendered":"Diodo 1N4007"},"content":{"rendered":"<h4>Diodo 1N4007<\/h4>\n<p><span style=\"color: #000000\">El Diodo 1N4007 es un dispositivos utilizado hoy en d\u00eda en muchos proyectos electr\u00f3nicos.<\/span><\/p>\n<h5><span id=\"Descripci.C3.B3n\" class=\"mw-headline\" style=\"color: #000000\">Descripci\u00f3n<\/span><\/h5>\n<p><span style=\"color: #000000\">El 1N4007 es uno de los diodos de una serie muy utilizados en infinidad de equipos electr\u00f3nicos. Se utiliza principalmente para convertir la <a style=\"color: #000000\" title=\"Corriente alterna\" href=\"https:\/\/www.ecured.cu\/Corriente_alterna\">corriente alterna<\/a> en directa. Su <a class=\"mw-redirect\" style=\"color: #000000\" title=\"Encapsulado\" href=\"https:\/\/www.ecured.cu\/Encapsulado\">encapsulado<\/a> es de tipo <a class=\"new\" style=\"color: #000000\" title=\"DO-41 (la p\u00e1gina no existe)\" href=\"https:\/\/www.ecured.cu\/index.php?title=DO-41&amp;action=edit&amp;redlink=1\">DO-41<\/a>.<\/span><\/p>\n<h5><span id=\"Principales_caracter.C3.ADsticas\" class=\"mw-headline\" style=\"color: #000000\">Principales caracter\u00edsticas<\/span><\/h5>\n<ul>\n<li><span style=\"color: #000000\">Tensi\u00f3n inversa de pico m\u00e1ximo: 1KV (VRRM)max<\/span><\/li>\n<li><span style=\"color: #000000\">Tensi\u00f3n m\u00e1xima en un circuito rectificador de madia onda con carga capacitiva: 500 V (Vef)<\/span><\/li>\n<li><span style=\"color: #000000\">Rango de temperatura: &#8211; 65 \u00baC a +125 \u00baC<\/span><\/li>\n<li><span style=\"color: #000000\">Ca\u00edda de tensi\u00f3n: 1,1 V (VF)max<\/span><\/li>\n<li><span style=\"color: #000000\">Corriente en sentido directo: 1 A (If)<\/span><\/li>\n<li><span style=\"color: #000000\">Corriente m\u00e1xima de pico: 30 A (Ifsm)max<\/span><\/li>\n<\/ul>\n<ul>\n<li><span style=\"color: #000000\">Tipo de diodo: Est\u00e1ndar<\/span><\/li>\n<li><span style=\"color: #000000\">Diodo configuraci\u00f3n: Simple<\/span><\/li>\n<li><span style=\"color: #000000\">Encapsulado DO-41<\/span><\/li>\n<\/ul>\n<h5><span id=\"Aplicaciones\" class=\"mw-headline\" style=\"color: #000000\">Aplicaciones<\/span><\/h5>\n<p><span style=\"color: #000000\">Fuentes de alimentaci\u00f3n.<\/span><\/p>\n<p><span style=\"color: #000000\">Otros dispositivos que lo requieran.<\/span><\/p>\n","protected":false},"excerpt":{"rendered":"<p>Diodo 1N4007 El Diodo 1N4007 es un dispositivos utilizado hoy en d\u00eda en muchos proyectos electr\u00f3nicos. Descripci\u00f3n El 1N4007 es uno de los diodos de una serie muy utilizados en infinidad de equipos electr\u00f3nicos. Se utiliza principalmente para convertir la corriente alterna en directa. Su encapsulado es de tipo DO-41. Principales caracter\u00edsticas Tensi\u00f3n inversa de [&hellip;]<\/p>\n","protected":false},"featured_media":54,"comment_status":"closed","ping_status":"closed","template":"","meta":{"_lmt_disableupdate":"no","_lmt_disable":""},"product_brand":[],"product_cat":[41],"product_tag":[],"class_list":{"0":"post-2762","1":"product","2":"type-product","3":"status-publish","4":"has-post-thumbnail","6":"product_cat-diodos-varios","8":"first","9":"instock","10":"purchasable","11":"product-type-simple"},"_links":{"self":[{"href":"https:\/\/itv.geekbotelectronics.com\/index.php\/wp-json\/wp\/v2\/product\/2762"}],"collection":[{"href":"https:\/\/itv.geekbotelectronics.com\/index.php\/wp-json\/wp\/v2\/product"}],"about":[{"href":"https:\/\/itv.geekbotelectronics.com\/index.php\/wp-json\/wp\/v2\/types\/product"}],"replies":[{"embeddable":true,"href":"https:\/\/itv.geekbotelectronics.com\/index.php\/wp-json\/wp\/v2\/comments?post=2762"}],"wp:featuredmedia":[{"embeddable":true,"href":"https:\/\/itv.geekbotelectronics.com\/index.php\/wp-json\/wp\/v2\/media\/54"}],"wp:attachment":[{"href":"https:\/\/itv.geekbotelectronics.com\/index.php\/wp-json\/wp\/v2\/media?parent=2762"}],"wp:term":[{"taxonomy":"product_brand","embeddable":true,"href":"https:\/\/itv.geekbotelectronics.com\/index.php\/wp-json\/wp\/v2\/product_brand?post=2762"},{"taxonomy":"product_cat","embeddable":true,"href":"https:\/\/itv.geekbotelectronics.com\/index.php\/wp-json\/wp\/v2\/product_cat?post=2762"},{"taxonomy":"product_tag","embeddable":true,"href":"https:\/\/itv.geekbotelectronics.com\/index.php\/wp-json\/wp\/v2\/product_tag?post=2762"}],"curies":[{"name":"wp","href":"https:\/\/api.w.org\/{rel}","templated":true}]}}