{"id":2767,"date":"2022-09-05T22:08:33","date_gmt":"2022-09-06T04:08:33","guid":{"rendered":"https:\/\/itv.geekbotelectronics.com\/?post_type=product&#038;p=2767"},"modified":"2025-06-18T14:15:14","modified_gmt":"2025-06-18T20:15:14","slug":"modulo-adaptador-ftdi-ft232-a-ttl","status":"publish","type":"product","link":"https:\/\/itv.geekbotelectronics.com\/index.php\/product\/modulo-adaptador-ftdi-ft232-a-ttl\/","title":{"rendered":"M\u00f3dulo Adaptador FTDI FT232 a TTL"},"content":{"rendered":"<h3>M\u00f3dulo Adaptador FTDI FT232 a TTL<\/h3>\n<p>Esta es una placa de conexi\u00f3n b\u00e1sica para FTDI FT232RL USB a serie IC. El pinout de esta placa coincide con el cable FTDI para trabajar con placas Arduino. Tambi\u00e9n se puede utilizar para aplicaciones seriales generales. La principal diferencia con esta placa es que resalta el pin DTR en lugar del pin RTS del cable FTDI. El pin DTR permite que un objetivo Arduino se reinicie autom\u00e1ticamente cuando se descarga un nuevo Sketch. Esta es una caracter\u00edstica realmente agradable y permite descargar un boceto sin tener que presionar el bot\u00f3n de reinicio. Esta placa reiniciar\u00e1 autom\u00e1ticamente cualquier placa Arduino que tenga el pin de reinicio en un conector de 6 pines.<\/p>\n<div>Esta placa tiene LED TX y RX que la hacen un poco mejor de usar sobre el cable FTDI.\u00a0De hecho, puede ver el tr\u00e1fico en serie en los LED para verificar si la placa est\u00e1 funcionando.<\/div>\n<div>Esta placa fue dise\u00f1ada para disminuir el costo del desarrollo de Arduino y aumentar la facilidad de uso.<\/div>\n<div><\/div>\n<div>Una de las caracter\u00edsticas agradables de esta placa es un puente en la parte posterior de la placa que permite que la placa se configure a 3.3 V o 5 V. Esta placa se env\u00eda de forma predeterminada a 5 V, pero puede cambiar la configuraci\u00f3n\u00a0predeterminada y agregar un puente de soldadura si necesita cambiar a 3,3 V.<\/div>\n<h4>Especificaciones<\/h4>\n<ul>\n<li>Dise\u00f1o de interfaz est\u00e1ndar, compatible con una variedad de Arduinos como el Pro Mini.<\/li>\n<li>Chip FTDI FT232, rendimiento estable.<\/li>\n<li>Con indicador de encendido, env\u00edo, recepci\u00f3n, indicadores LED de estado de funcionamiento.<\/li>\n<li>Con opciones de suministro de nivel TTL de 3,3 V y 5 V<\/li>\n<li>M\u00f3dulo TTL de USB a serie, descargue STC SCM<\/li>\n<li>Conexi\u00f3n de puerto mini USB<\/li>\n<\/ul>\n","protected":false},"excerpt":{"rendered":"<p>M\u00f3dulo Adaptador FTDI FT232 a TTL Esta es una placa de conexi\u00f3n b\u00e1sica para FTDI FT232RL USB a serie IC. El pinout de esta placa coincide con el cable FTDI para trabajar con placas Arduino. Tambi\u00e9n se puede utilizar para aplicaciones seriales generales. La principal diferencia con esta placa es que resalta el pin DTR [&hellip;]<\/p>\n","protected":false},"featured_media":59,"comment_status":"closed","ping_status":"closed","template":"","meta":{"_lmt_disableupdate":"no","_lmt_disable":""},"product_brand":[],"product_cat":[25,45],"product_tag":[],"class_list":{"0":"post-2767","1":"product","2":"type-product","3":"status-publish","4":"has-post-thumbnail","6":"product_cat-modulos","7":"product_cat-programadores","9":"first","10":"instock","11":"taxable","12":"shipping-taxable","13":"purchasable","14":"product-type-simple"},"_links":{"self":[{"href":"https:\/\/itv.geekbotelectronics.com\/index.php\/wp-json\/wp\/v2\/product\/2767"}],"collection":[{"href":"https:\/\/itv.geekbotelectronics.com\/index.php\/wp-json\/wp\/v2\/product"}],"about":[{"href":"https:\/\/itv.geekbotelectronics.com\/index.php\/wp-json\/wp\/v2\/types\/product"}],"replies":[{"embeddable":true,"href":"https:\/\/itv.geekbotelectronics.com\/index.php\/wp-json\/wp\/v2\/comments?post=2767"}],"wp:featuredmedia":[{"embeddable":true,"href":"https:\/\/itv.geekbotelectronics.com\/index.php\/wp-json\/wp\/v2\/media\/59"}],"wp:attachment":[{"href":"https:\/\/itv.geekbotelectronics.com\/index.php\/wp-json\/wp\/v2\/media?parent=2767"}],"wp:term":[{"taxonomy":"product_brand","embeddable":true,"href":"https:\/\/itv.geekbotelectronics.com\/index.php\/wp-json\/wp\/v2\/product_brand?post=2767"},{"taxonomy":"product_cat","embeddable":true,"href":"https:\/\/itv.geekbotelectronics.com\/index.php\/wp-json\/wp\/v2\/product_cat?post=2767"},{"taxonomy":"product_tag","embeddable":true,"href":"https:\/\/itv.geekbotelectronics.com\/index.php\/wp-json\/wp\/v2\/product_tag?post=2767"}],"curies":[{"name":"wp","href":"https:\/\/api.w.org\/{rel}","templated":true}]}}