{"id":2835,"date":"2022-09-05T22:08:48","date_gmt":"2022-09-06T04:08:48","guid":{"rendered":"https:\/\/itv.geekbotelectronics.com\/?post_type=product&#038;p=2835"},"modified":"2025-11-07T13:22:47","modified_gmt":"2025-11-07T19:22:47","slug":"74ls151-multiplexor-8-entradas","status":"publish","type":"product","link":"https:\/\/itv.geekbotelectronics.com\/index.php\/product\/74ls151-multiplexor-8-entradas\/","title":{"rendered":"74LS151 Multiplexor 8 Entradas"},"content":{"rendered":"<h4>74LS151<\/h4>\n<p><span style=\"color: #000000\">Multiplexor de 8 Entradas y Selector de Datos 74LS151 TTL<\/span><\/p>\n<p><span style=\"color: #000000\"><span class=\"hps\">Circuito Integrado 74LS151. Multiplexor de ocho entradas. <\/span>C<span class=\"hps\">ontene<\/span> <span class=\"hps\">un chip<\/span> <span class=\"hps\">de decodificaci\u00f3n<\/span> <span class=\"hps\">para seleccionar el origen<\/span> <span class=\"hps\">de datos deseado.<\/span> <span class=\"hps\">El<\/span> <span class=\"hps\">74LS150<\/span> <span class=\"hps\">selecciona<\/span> <span class=\"hps atn\">uno-de<\/span>diecis\u00e9is <span class=\"hps\">fuentes de datos<\/span>, el <span class=\"hps\">151A<\/span> <span class=\"hps\">selecciona<\/span> <span class=\"hps atn\">uno-de-<\/span>ocho fuentes <span class=\"hps\">de datos.<\/span> <span class=\"hps\">El<\/span> <span class=\"hps\">150<\/span> <span class=\"hps\">y<\/span> <span class=\"hps\">151A\u00a0<\/span><span class=\"hps\">tienen una entrada<\/span> <span class=\"hps\">estrobosc\u00f3pica<\/span> <span class=\"hps\">que debe estar en<\/span> <span class=\"hps\">un nivel l\u00f3gico bajo<\/span><span class=\"hps\">.<\/span><\/span><\/p>\n<p><span style=\"color: #000000\">Los multiplexores son <a class=\"mw-redirect\" style=\"color: #000000\" title=\"Circuito combinacional\" href=\"https:\/\/es.wikipedia.org\/wiki\/Circuito_combinacional\">circuitos combinacionales<\/a> con varias entradas y una \u00fanica salida de <a style=\"color: #000000\" title=\"Dato\" href=\"https:\/\/es.wikipedia.org\/wiki\/Dato\">datos<\/a>. Est\u00e1n dotados de entradas de control capaces de seleccionar una, y s\u00f3lo una, de las entradas de datos para permitir su transmisi\u00f3n desde la entrada seleccionada hacia dicha salida.<\/span><\/p>\n<p><span style=\"color: #000000\">En el campo de la <a style=\"color: #000000\" title=\"Electr\u00f3nica\" href=\"https:\/\/es.wikipedia.org\/wiki\/Electr%C3%B3nica\">electr\u00f3nica<\/a> el multiplexor se utiliza como dispositivo que puede recibir varias entradas y transmitirlas por un <a style=\"color: #000000\" title=\"Medio de transmisi\u00f3n\" href=\"https:\/\/es.wikipedia.org\/wiki\/Medio_de_transmisi%C3%B3n\">medio de transmisi\u00f3n<\/a> compartido. Para ello lo que hace es dividir el medio de transmisi\u00f3n en m\u00faltiples <a class=\"mw-redirect\" style=\"color: #000000\" title=\"Canal de comunicaciones\" href=\"https:\/\/es.wikipedia.org\/wiki\/Canal_de_comunicaciones\">canales<\/a>, para que varios nodos puedan comunicarse al mismo tiempo.<\/span><\/p>\n<p><strong>Caracter\u00edsticas:<\/strong><\/p>\n<ul>\n<li>Selector de datos \/ Multiplexor 8 a 1<\/li>\n<li>Salidas complementarias con buffer<\/li>\n<li>Entrada de habilitaci\u00f3n<\/li>\n<li>Puede utilizarse tambi\u00e9n para conversi\u00f3n paralela a serial y generador de funciones booleanas<\/li>\n<li>Tecnolog\u00eda: TTL Low Schottky (LS)<\/li>\n<li>Voltaje de alimentaci\u00f3n: 4.75 a V a 5.25 V<\/li>\n<li>Encapsulado: PDIP\u00a016 pines<\/li>\n<\/ul>\n","protected":false},"excerpt":{"rendered":"<p>74LS151 Multiplexor de 8 Entradas y Selector de Datos 74LS151 TTL Circuito Integrado 74LS151. Multiplexor de ocho entradas. Contene un chip de decodificaci\u00f3n para seleccionar el origen de datos deseado. El 74LS150 selecciona uno-dediecis\u00e9is fuentes de datos, el 151A selecciona uno-de-ocho fuentes de datos. El 150 y 151A\u00a0tienen una entrada estrobosc\u00f3pica que debe estar en [&hellip;]<\/p>\n","protected":false},"featured_media":207,"comment_status":"closed","ping_status":"closed","template":"","meta":{"_lmt_disableupdate":"no","_lmt_disable":""},"product_brand":[],"product_cat":[81],"product_tag":[],"class_list":{"0":"post-2835","1":"product","2":"type-product","3":"status-publish","4":"has-post-thumbnail","6":"product_cat-codificadores-decodificadores-demultiplexores-y-multiplexores","8":"first","9":"instock","10":"taxable","11":"shipping-taxable","12":"purchasable","13":"product-type-simple"},"_links":{"self":[{"href":"https:\/\/itv.geekbotelectronics.com\/index.php\/wp-json\/wp\/v2\/product\/2835"}],"collection":[{"href":"https:\/\/itv.geekbotelectronics.com\/index.php\/wp-json\/wp\/v2\/product"}],"about":[{"href":"https:\/\/itv.geekbotelectronics.com\/index.php\/wp-json\/wp\/v2\/types\/product"}],"replies":[{"embeddable":true,"href":"https:\/\/itv.geekbotelectronics.com\/index.php\/wp-json\/wp\/v2\/comments?post=2835"}],"wp:featuredmedia":[{"embeddable":true,"href":"https:\/\/itv.geekbotelectronics.com\/index.php\/wp-json\/wp\/v2\/media\/207"}],"wp:attachment":[{"href":"https:\/\/itv.geekbotelectronics.com\/index.php\/wp-json\/wp\/v2\/media?parent=2835"}],"wp:term":[{"taxonomy":"product_brand","embeddable":true,"href":"https:\/\/itv.geekbotelectronics.com\/index.php\/wp-json\/wp\/v2\/product_brand?post=2835"},{"taxonomy":"product_cat","embeddable":true,"href":"https:\/\/itv.geekbotelectronics.com\/index.php\/wp-json\/wp\/v2\/product_cat?post=2835"},{"taxonomy":"product_tag","embeddable":true,"href":"https:\/\/itv.geekbotelectronics.com\/index.php\/wp-json\/wp\/v2\/product_tag?post=2835"}],"curies":[{"name":"wp","href":"https:\/\/api.w.org\/{rel}","templated":true}]}}