{"id":2982,"date":"2022-09-05T22:09:19","date_gmt":"2022-09-06T04:09:19","guid":{"rendered":"https:\/\/itv.geekbotelectronics.com\/?post_type=product&#038;p=2982"},"modified":"2025-11-10T15:08:01","modified_gmt":"2025-11-10T21:08:01","slug":"jack-banana-rojo-para-chasis","status":"publish","type":"product","link":"https:\/\/itv.geekbotelectronics.com\/index.php\/product\/jack-banana-rojo-para-chasis\/","title":{"rendered":"Jack Banana Rojo para Chasis"},"content":{"rendered":"<h4><span style=\"color: #000000\">Jack Banana Rojo para Chasis<\/span><\/h4>\n<p><span style=\"color: #000000\">Conector jack banana rojo para chasis. Los conectores banana es un tipo de conector\u00a0 muy usado en instrumentos de medida el\u00e9ctrica o electr\u00f3nica como generadores, fuentes o <a style=\"color: #000000\" title=\"Mult\u00edmetro\" href=\"https:\/\/es.wikipedia.org\/wiki\/Mult%C3%ADmetro\">Mult\u00edmetro<\/a>s. Tambi\u00e9n es usada a la salida de amplificadores de audio y en la entrada de muchos parlantes de buena calidad.<\/span><\/p>\n<p><span style=\"color: #000000\"><strong>Especificaciones<\/strong><\/span><\/p>\n<ul>\n<li><span style=\"color: #000000\">Tipo de conector: Jack banana para chasis<\/span><\/li>\n<li><span style=\"color: #000000\">Terminal: Plateada<\/span><\/li>\n<li><span style=\"color: #000000\">Material del conector: Pl\u00e1stico<\/span><\/li>\n<li><span style=\"color: #000000\">Terminal para sujetar cable<\/span><\/li>\n<li><span style=\"color: #000000\">Para chasis<\/span><\/li>\n<li><span style=\"color: #000000\">Enchufe banana para montaje sobre superficies planas<\/span><\/li>\n<li><span style=\"color: #000000\">Acoplamientos con el enchufe est\u00e1ndar del banana\u00a0de 4mm<\/span><\/li>\n<li><span style=\"color: #000000\">Di\u00e1metro del orificio de montaje: 5mm<\/span><\/li>\n<li><span style=\"color: #000000\">M\u00e9todo de terminaci\u00f3n: pesta\u00f1a de soldadura<\/span><\/li>\n<li><span style=\"color: #000000\">Dimensiones:<\/span>\n<ul>\n<li><span style=\"color: #000000\">Di\u00e1metro interior: 0.4 cm<\/span><\/li>\n<li><span style=\"color: #000000\">Di\u00e1metro: 1 cm<\/span><\/li>\n<li><span style=\"color: #000000\">Largo: 1.5 cm<\/span><\/li>\n<\/ul>\n<\/li>\n<\/ul>\n<p><span style=\"color: #000000\"><strong>Color<\/strong><\/span><\/p>\n<ul>\n<li><span style=\"color: #000000\">Rojo<\/span><\/li>\n<\/ul>\n","protected":false},"excerpt":{"rendered":"<p>Jack Banana Rojo para Chasis Conector jack banana rojo para chasis. Los conectores banana es un tipo de conector\u00a0 muy usado en instrumentos de medida el\u00e9ctrica o electr\u00f3nica como generadores, fuentes o Mult\u00edmetros. Tambi\u00e9n es usada a la salida de amplificadores de audio y en la entrada de muchos parlantes de buena calidad. Especificaciones Tipo [&hellip;]<\/p>\n","protected":false},"featured_media":9623,"comment_status":"closed","ping_status":"closed","template":"","meta":{"_lmt_disableupdate":"no","_lmt_disable":""},"product_brand":[],"product_cat":[90],"product_tag":[],"class_list":{"0":"post-2982","1":"product","2":"type-product","3":"status-publish","4":"has-post-thumbnail","6":"product_cat-plugs-y-jacks","8":"first","9":"instock","10":"taxable","11":"shipping-taxable","12":"purchasable","13":"product-type-simple"},"_links":{"self":[{"href":"https:\/\/itv.geekbotelectronics.com\/index.php\/wp-json\/wp\/v2\/product\/2982"}],"collection":[{"href":"https:\/\/itv.geekbotelectronics.com\/index.php\/wp-json\/wp\/v2\/product"}],"about":[{"href":"https:\/\/itv.geekbotelectronics.com\/index.php\/wp-json\/wp\/v2\/types\/product"}],"replies":[{"embeddable":true,"href":"https:\/\/itv.geekbotelectronics.com\/index.php\/wp-json\/wp\/v2\/comments?post=2982"}],"wp:featuredmedia":[{"embeddable":true,"href":"https:\/\/itv.geekbotelectronics.com\/index.php\/wp-json\/wp\/v2\/media\/9623"}],"wp:attachment":[{"href":"https:\/\/itv.geekbotelectronics.com\/index.php\/wp-json\/wp\/v2\/media?parent=2982"}],"wp:term":[{"taxonomy":"product_brand","embeddable":true,"href":"https:\/\/itv.geekbotelectronics.com\/index.php\/wp-json\/wp\/v2\/product_brand?post=2982"},{"taxonomy":"product_cat","embeddable":true,"href":"https:\/\/itv.geekbotelectronics.com\/index.php\/wp-json\/wp\/v2\/product_cat?post=2982"},{"taxonomy":"product_tag","embeddable":true,"href":"https:\/\/itv.geekbotelectronics.com\/index.php\/wp-json\/wp\/v2\/product_tag?post=2982"}],"curies":[{"name":"wp","href":"https:\/\/api.w.org\/{rel}","templated":true}]}}