{"id":2985,"date":"2022-09-05T22:09:20","date_gmt":"2022-09-06T04:09:20","guid":{"rendered":"https:\/\/itv.geekbotelectronics.com\/?post_type=product&#038;p=2985"},"modified":"2025-09-24T13:51:45","modified_gmt":"2025-09-24T19:51:45","slug":"sensor-dht11-temperatura-y-humedad","status":"publish","type":"product","link":"https:\/\/itv.geekbotelectronics.com\/index.php\/product\/sensor-dht11-temperatura-y-humedad\/","title":{"rendered":"Sensor DHT11 Temperatura y Humedad"},"content":{"rendered":"<h4><span style=\"color: #000000\">DHT11 Sensor de Temperatura y Humedad<\/span><\/h4>\n<p><span style=\"color: #000000\">El DHT11 es un sensor de temperatura y humedad digital de bajo costo. Utiliza un sensor capacitivo de humedad y un termistor para medir el aire circundante, y muestra los datos mediante una se\u00f1al digital en el pin de datos (no hay pines de entrada anal\u00f3gica). Es bastante simple de usar, pero requiere sincronizaci\u00f3n cuidadosa para tomar datos.<\/span><\/p>\n<p><span style=\"color: #000000\">Este sensor proporciona una salida de datos digital. Entre sus ventajas podemos mencionar el despliegue de datos digitales. Esto supone una gran ventaja frente a los sensores del tipo an\u00e1logo, como el LM35 por ejemplo, en los cuales las fluctuaciones en el voltaje alteran la lectura de datos.<\/span><\/p>\n<p><span style=\"color: #000000\"><strong>Especificaciones:<\/strong><\/span><\/p>\n<ul>\n<li><span style=\"color: #000000\">Alimentaci\u00f3n:\u00a03Vdc \u2264 Vcc \u2264 5Vdc<\/span><\/li>\n<li><span style=\"color: #000000\">Rango de medici\u00f3n de temperatura: 0 a 50 \u00b0C<\/span><\/li>\n<li><span style=\"color: #000000\">Precisi\u00f3n de medici\u00f3n de temperatura: \u00b12.0 \u00b0C .<\/span><\/li>\n<li><span style=\"color: #000000\">Resoluci\u00f3n Temperatura:\u00a00.1\u00b0C<\/span><\/li>\n<li><span style=\"color: #000000\">Rango de medici\u00f3n de humedad:\u00a020% a 90% RH.<\/span><\/li>\n<li><span style=\"color: #000000\">Precisi\u00f3n de medici\u00f3n de humedad:\u00a04% RH.<\/span><\/li>\n<li><span style=\"color: #000000\">Resoluci\u00f3n Humedad:\u00a01% RH<\/span><\/li>\n<li><span style=\"color: #000000\">Tiempo de sensado:\u00a01 seg.<\/span><\/li>\n<\/ul>\n<p><a href=\"http:\/\/www.geekbotelectronics.com\/wp-content\/uploads\/2014\/09\/DTH11_geekbot.pdf\" target=\"_blank\" rel=\"noopener noreferrer\">DataSheet<\/a><\/p>\n<p><a href=\"http:\/\/www.geekbotelectronics.com\/wp-content\/uploads\/2014\/09\/DTH11-Biblioteca.zip\">Biblioteca Arduino<\/a><\/p>\n","protected":false},"excerpt":{"rendered":"<p>El\u00a0sensor DHT11 se caracteriza por tener la se\u00f1al digital calibrada por lo que asegura una alta calidad y una fiabilidad a lo largo del tiempo, ya que contiene un microcontrolador de 8 bits integrado.<\/p>\n","protected":false},"featured_media":408,"comment_status":"closed","ping_status":"closed","template":"","meta":{"_lmt_disableupdate":"no","_lmt_disable":""},"product_brand":[],"product_cat":[68],"product_tag":[94,95,96],"class_list":{"0":"post-2985","1":"product","2":"type-product","3":"status-publish","4":"has-post-thumbnail","6":"product_cat-ambientales","7":"product_tag-arduino","8":"product_tag-humedad","9":"product_tag-temperatura","11":"first","12":"outofstock","13":"taxable","14":"shipping-taxable","15":"purchasable","16":"product-type-simple"},"_links":{"self":[{"href":"https:\/\/itv.geekbotelectronics.com\/index.php\/wp-json\/wp\/v2\/product\/2985"}],"collection":[{"href":"https:\/\/itv.geekbotelectronics.com\/index.php\/wp-json\/wp\/v2\/product"}],"about":[{"href":"https:\/\/itv.geekbotelectronics.com\/index.php\/wp-json\/wp\/v2\/types\/product"}],"replies":[{"embeddable":true,"href":"https:\/\/itv.geekbotelectronics.com\/index.php\/wp-json\/wp\/v2\/comments?post=2985"}],"wp:featuredmedia":[{"embeddable":true,"href":"https:\/\/itv.geekbotelectronics.com\/index.php\/wp-json\/wp\/v2\/media\/408"}],"wp:attachment":[{"href":"https:\/\/itv.geekbotelectronics.com\/index.php\/wp-json\/wp\/v2\/media?parent=2985"}],"wp:term":[{"taxonomy":"product_brand","embeddable":true,"href":"https:\/\/itv.geekbotelectronics.com\/index.php\/wp-json\/wp\/v2\/product_brand?post=2985"},{"taxonomy":"product_cat","embeddable":true,"href":"https:\/\/itv.geekbotelectronics.com\/index.php\/wp-json\/wp\/v2\/product_cat?post=2985"},{"taxonomy":"product_tag","embeddable":true,"href":"https:\/\/itv.geekbotelectronics.com\/index.php\/wp-json\/wp\/v2\/product_tag?post=2985"}],"curies":[{"name":"wp","href":"https:\/\/api.w.org\/{rel}","templated":true}]}}