{"id":2994,"date":"2022-09-05T22:09:20","date_gmt":"2022-09-06T04:09:20","guid":{"rendered":"https:\/\/itv.geekbotelectronics.com\/?post_type=product&#038;p=2994"},"modified":"2025-11-12T15:54:18","modified_gmt":"2025-11-12T21:54:18","slug":"5-cables-caiman-caiman-3a","status":"publish","type":"product","link":"https:\/\/itv.geekbotelectronics.com\/index.php\/product\/5-cables-caiman-caiman-3a\/","title":{"rendered":"5 Cables Caiman &#8211; Caiman 3A"},"content":{"rendered":"<p>Juego de 5 cables caiman de 30\u00a0cm con caimanes chicos. Fabricados en l\u00e1mina calibre 28, acabado niquelado y mangos de colores. Soportan hasta 3 Amperes. Se usan para pasar corriente, alimentar circuitos el\u00e9ctricos y electr\u00f3nicos, conectar bocinas, ventiladores, motores, entre otros.<\/p>\n<p>&nbsp;<\/p>\n<p>Nuestros cables con pinzas caim\u00e1n son vers\u00e1tiles y muy \u00fatiles para cualquier tipo de proyecto, desde instalaciones profesionales hasta tareas escolares, por eso los tenemos con diferente amperaje para cumplir con todas tus necesidades<\/p>\n<p><strong>Especificaciones<\/strong><\/p>\n<p>Met\u00e1licos<br \/>\nMango de pl\u00e1stico<br \/>\nCorriente m\u00e1xima: 3 A<br \/>\nLargo del cable sin conectores: 26 cm<br \/>\nLargo de punta a punta con conectores: 31.4 cm<br \/>\nCable 28 AWG<br \/>\nColores de los caimanes: Amarillo, blanco, negro, rojo y verde<br \/>\nDimensiones conector caim\u00e1n:<br \/>\nLargo: 2.7 cm<br \/>\nAncho m\u00e1ximo: 0.8 cm<br \/>\nDistancia interior de apertura de caim\u00e1n: 0.7 cm<\/p>\n","protected":false},"excerpt":{"rendered":"<p>Juego de 5\u00a0cables caiman de 30 cm con caimanes chicos. Fabricados en l\u00e1mina calibre 28, acabado niquelado y mangos de colores. Soportan hasta 3 Amperes. Se usan para pasar corriente, alimentar circuitos el\u00e9ctricos y electr\u00f3nicos, conectar bocinas, ventiladores, motores, entre otros.<\/p>\n","protected":false},"featured_media":416,"comment_status":"closed","ping_status":"closed","template":"","meta":{"_lmt_disableupdate":"no","_lmt_disable":""},"product_brand":[],"product_cat":[101,102],"product_tag":[],"class_list":{"0":"post-2994","1":"product","2":"type-product","3":"status-publish","4":"has-post-thumbnail","6":"product_cat-accesorios","7":"product_cat-cables-varios","9":"first","10":"instock","11":"taxable","12":"shipping-taxable","13":"purchasable","14":"product-type-simple"},"_links":{"self":[{"href":"https:\/\/itv.geekbotelectronics.com\/index.php\/wp-json\/wp\/v2\/product\/2994"}],"collection":[{"href":"https:\/\/itv.geekbotelectronics.com\/index.php\/wp-json\/wp\/v2\/product"}],"about":[{"href":"https:\/\/itv.geekbotelectronics.com\/index.php\/wp-json\/wp\/v2\/types\/product"}],"replies":[{"embeddable":true,"href":"https:\/\/itv.geekbotelectronics.com\/index.php\/wp-json\/wp\/v2\/comments?post=2994"}],"wp:featuredmedia":[{"embeddable":true,"href":"https:\/\/itv.geekbotelectronics.com\/index.php\/wp-json\/wp\/v2\/media\/416"}],"wp:attachment":[{"href":"https:\/\/itv.geekbotelectronics.com\/index.php\/wp-json\/wp\/v2\/media?parent=2994"}],"wp:term":[{"taxonomy":"product_brand","embeddable":true,"href":"https:\/\/itv.geekbotelectronics.com\/index.php\/wp-json\/wp\/v2\/product_brand?post=2994"},{"taxonomy":"product_cat","embeddable":true,"href":"https:\/\/itv.geekbotelectronics.com\/index.php\/wp-json\/wp\/v2\/product_cat?post=2994"},{"taxonomy":"product_tag","embeddable":true,"href":"https:\/\/itv.geekbotelectronics.com\/index.php\/wp-json\/wp\/v2\/product_tag?post=2994"}],"curies":[{"name":"wp","href":"https:\/\/api.w.org\/{rel}","templated":true}]}}