{"id":3051,"date":"2022-09-05T22:09:35","date_gmt":"2022-09-06T04:09:35","guid":{"rendered":"https:\/\/itv.geekbotelectronics.com\/?post_type=product&#038;p=3051"},"modified":"2024-05-24T03:22:20","modified_gmt":"2024-05-24T09:22:20","slug":"scr-bt151","status":"publish","type":"product","link":"https:\/\/itv.geekbotelectronics.com\/index.php\/product\/scr-bt151\/","title":{"rendered":"SCR BT151"},"content":{"rendered":"<h4>BT151 SCR<\/h4>\n<p><span id=\"result_box\"><span title=\"\">SCR BT151 Switch electr\u00f3nico de corriente directa \u00fatil para interrumpir y\/o continuar la corriente de alimentaci\u00f3n de un dispositivo.<\/span><\/span>\u00a0Su versatilidad lo hace ideal para el control de corrientes alternas, una de ellas es su utilizaci\u00f3n como interruptor\u00a0est\u00e1tico ofreciendo muchas ventajas sobre los interruptores mec\u00e1nicos convencionales y los rel\u00e9s. Funciona como interruptor electr\u00f3nico y tambi\u00e9n a pila.<\/p>\n<p style=\"text-align: justify\"><span style=\"color: #000000\">El rectificador controlado de silicio (en ingl\u00e9s SCR: Silicon Controlled Rectifier) es un tipo de <a style=\"color: #000000\" title=\"Tiristor\" href=\"https:\/\/es.wikipedia.org\/wiki\/Tiristor\">tiristor<\/a> formado por cuatro capas de material<a style=\"color: #000000\" title=\"Semiconductor\" href=\"https:\/\/es.wikipedia.org\/wiki\/Semiconductor\">semiconductor<\/a> con estructura PNPN o bien NPNP. El nombre proviene de la uni\u00f3n de <a style=\"color: #000000\" title=\"Tiratr\u00f3n\" href=\"https:\/\/es.wikipedia.org\/wiki\/Tiratr%C3%B3n\">Tiratr\u00f3n<\/a> (tyratron) y <a style=\"color: #000000\" title=\"Transistor\" href=\"https:\/\/es.wikipedia.org\/wiki\/Transistor\">Transistor<\/a>.<\/span><\/p>\n<p style=\"text-align: justify\"><span style=\"color: #000000\">Un SCR posee tres conexiones: <a style=\"color: #000000\" title=\"\u00c1nodo\" href=\"https:\/\/es.wikipedia.org\/wiki\/%C3%81nodo\">\u00e1nodo<\/a>, <a style=\"color: #000000\" title=\"C\u00e1todo\" href=\"https:\/\/es.wikipedia.org\/wiki\/C%C3%A1todo\">c\u00e1todo<\/a> y <a class=\"new\" style=\"color: #000000\" title=\"Gate (puerta) (a\u00fan no redactado)\" href=\"https:\/\/es.wikipedia.org\/w\/index.php?title=Gate_(puerta)&amp;action=edit&amp;redlink=1\">gate (puerta)<\/a>. La puerta es la encargada de controlar el paso de corriente entre el \u00e1nodo y el c\u00e1todo. Funciona b\u00e1sicamente como un <a style=\"color: #000000\" title=\"Diodo\" href=\"https:\/\/es.wikipedia.org\/wiki\/Diodo\">diodo<\/a> <a style=\"color: #000000\" title=\"Rectificador\" href=\"https:\/\/es.wikipedia.org\/wiki\/Rectificador\">rectificador<\/a> controlado, permitiendo circular la corriente en un solo sentido. Mientras no se aplique ninguna tensi\u00f3n en la puerta del SCR no se inicia la conducci\u00f3n y en el instante en que se aplique dicha tensi\u00f3n, el tiristor comienza a conducir.<\/span><\/p>\n<p><strong>Especificaciones<br \/>\n<\/strong><\/p>\n<ul>\n<li><span id=\"result_box\">Peak Repetitive Off-State Voltage, Vdrm: 500 V<br \/>\n<\/span><\/li>\n<li><span id=\"result_box\">Corriente IT actual: 7.5 A<br \/>\n<\/span><\/li>\n<li><span id=\"result_box\">El estado actual de TI RMS (RMS): 12 A<br \/>\n<\/span><\/li>\n<li><span id=\"result_box\">Sobrecorriente m\u00e1xima representante actual no Itsm 50 Hz: 132 A<br \/>\n<\/span><\/li>\n<li><span id=\"result_box\">Corriente de retenci\u00f3n Ih Max: 20 mA<\/span><\/li>\n<li>Encapsulado: TO-220<\/li>\n<li>3 pines<\/li>\n<li>Sustituto: NTE5499<\/li>\n<\/ul>\n","protected":false},"excerpt":{"rendered":"<p>BT151 SCR SCR BT151 Switch electr\u00f3nico de corriente directa \u00fatil para interrumpir y\/o continuar la corriente de alimentaci\u00f3n de un dispositivo.\u00a0Su versatilidad lo hace ideal para el control de corrientes alternas, una de ellas es su utilizaci\u00f3n como interruptor\u00a0est\u00e1tico ofreciendo muchas ventajas sobre los interruptores mec\u00e1nicos convencionales y los rel\u00e9s. Funciona como interruptor electr\u00f3nico y [&hellip;]<\/p>\n","protected":false},"featured_media":524,"comment_status":"closed","ping_status":"closed","template":"","meta":{"_lmt_disableupdate":"no","_lmt_disable":""},"product_brand":[],"product_cat":[117],"product_tag":[],"class_list":{"0":"post-3051","1":"product","2":"type-product","3":"status-publish","4":"has-post-thumbnail","6":"product_cat-scr","8":"first","9":"outofstock","10":"taxable","11":"shipping-taxable","12":"purchasable","13":"product-type-simple"},"_links":{"self":[{"href":"https:\/\/itv.geekbotelectronics.com\/index.php\/wp-json\/wp\/v2\/product\/3051"}],"collection":[{"href":"https:\/\/itv.geekbotelectronics.com\/index.php\/wp-json\/wp\/v2\/product"}],"about":[{"href":"https:\/\/itv.geekbotelectronics.com\/index.php\/wp-json\/wp\/v2\/types\/product"}],"replies":[{"embeddable":true,"href":"https:\/\/itv.geekbotelectronics.com\/index.php\/wp-json\/wp\/v2\/comments?post=3051"}],"wp:featuredmedia":[{"embeddable":true,"href":"https:\/\/itv.geekbotelectronics.com\/index.php\/wp-json\/wp\/v2\/media\/524"}],"wp:attachment":[{"href":"https:\/\/itv.geekbotelectronics.com\/index.php\/wp-json\/wp\/v2\/media?parent=3051"}],"wp:term":[{"taxonomy":"product_brand","embeddable":true,"href":"https:\/\/itv.geekbotelectronics.com\/index.php\/wp-json\/wp\/v2\/product_brand?post=3051"},{"taxonomy":"product_cat","embeddable":true,"href":"https:\/\/itv.geekbotelectronics.com\/index.php\/wp-json\/wp\/v2\/product_cat?post=3051"},{"taxonomy":"product_tag","embeddable":true,"href":"https:\/\/itv.geekbotelectronics.com\/index.php\/wp-json\/wp\/v2\/product_tag?post=3051"}],"curies":[{"name":"wp","href":"https:\/\/api.w.org\/{rel}","templated":true}]}}