{"id":3061,"date":"2022-09-05T22:09:36","date_gmt":"2022-09-06T04:09:36","guid":{"rendered":"https:\/\/itv.geekbotelectronics.com\/?post_type=product&#038;p=3061"},"modified":"2025-05-27T11:36:08","modified_gmt":"2025-05-27T17:36:08","slug":"74ls75-latch-tipo-d","status":"publish","type":"product","link":"https:\/\/itv.geekbotelectronics.com\/index.php\/product\/74ls75-latch-tipo-d\/","title":{"rendered":"74LS75 Latch Tipo D"},"content":{"rendered":"<h4>74LS75<\/h4>\n<p>Cerrojo (Latch) biestable de 4 bits 74LS75, disparado por nivel, salidas complementarias. TTL.<\/p>\n<p><span style=\"color: #333333\">Un biestable, es un <a style=\"color: #333333\" title=\"Multivibrador\" href=\"https:\/\/es.wikipedia.org\/wiki\/Multivibrador\">multivibrador<\/a> capaz de permanecer en uno de dos estados posibles durante un tiempo indefinido en ausencia de perturbaciones.\u00a0Esta caracter\u00edstica es ampliamente utilizada en <a style=\"color: #333333\" title=\"Electr\u00f3nica digital\" href=\"https:\/\/es.wikipedia.org\/wiki\/Electr%C3%B3nica_digital\">electr\u00f3nica digital<\/a> para memorizar informaci\u00f3n. El paso de un estado a otro se realiza variando sus entradas. <\/span><\/p>\n<p><strong>Caracter\u00edsticas:<\/strong><\/p>\n<ul>\n<li>Cerrojo (Latch) biestable de 4 bits<\/li>\n<li>Disparado por nivel<\/li>\n<li>Salidas complementarias<\/li>\n<li><span id=\"result_box\" class=\"\" lang=\"es\"><span class=\"hps\">Tipo de salida<\/span>: <span class=\"hps\">Diferencial<\/span><\/span><\/li>\n<li><span class=\"hps\">Temperatura de funcionamiento<\/span> <span class=\"hps\">m\u00e1xima:<\/span> <span class=\"hps\">70<\/span> <span class=\"hps\">\u00b0<\/span> <span class=\"hps\">C<\/span><\/li>\n<li><span id=\"result_box\" class=\"\" lang=\"es\"><span class=\"hps\">Temperatura de funcionamiento<\/span> <span class=\"hps\">m\u00ednima:<\/span> <span class=\"hps\">0<\/span> <span class=\"hps\">\u00b0<\/span> <span class=\"hps\">C<\/span><\/span><\/li>\n<li><span id=\"result_box\" class=\"\" lang=\"es\"><span class=\"hps\">Corriente de salida:<\/span> <span class=\"hps\">8 mA<\/span><\/span><\/li>\n<li><span id=\"result_box\" class=\"\" lang=\"es\"><span class=\"hps\">Tensi\u00f3n de alimentaci\u00f3n<\/span> <span class=\"hps\">Max:<\/span> <span class=\"hps\">5.25V<\/span><\/span><\/li>\n<li><span id=\"result_box\" class=\"\" lang=\"es\">T<span class=\"hps\">ensi\u00f3n de alimentaci\u00f3n<\/span> <span class=\"hps\">m\u00ednima:<\/span> <span class=\"hps\">4.75V<\/span><\/span><\/li>\n<li><span id=\"result_box\" class=\"\" lang=\"es\"><span class=\"hps\">Alimentaci\u00f3n Rango de<\/span> <span class=\"hps\">Voltaje:<\/span> <span class=\"hps\">4.75V<\/span> <span class=\"hps\">a<\/span> <span class=\"hps\">5.25V<\/span><\/span><\/li>\n<li>Retrdo de propagaci\u00f3n: 15 ns<\/li>\n<li>Tipo de Familia: LS<\/li>\n<li>Tecnolog\u00eda: TTL Low Schottky (LS)<\/li>\n<li>Voltaje de alimentaci\u00f3n: 4.75 V a 5.25 V<\/li>\n<li>Encapsulado: PDIP\u00a016 pines<\/li>\n<\/ul>\n","protected":false},"excerpt":{"rendered":"<p>74LS75 Cerrojo (Latch) biestable de 4 bits 74LS75, disparado por nivel, salidas complementarias. TTL. Un biestable, es un multivibrador capaz de permanecer en uno de dos estados posibles durante un tiempo indefinido en ausencia de perturbaciones.\u00a0Esta caracter\u00edstica es ampliamente utilizada en electr\u00f3nica digital para memorizar informaci\u00f3n. El paso de un estado a otro se realiza [&hellip;]<\/p>\n","protected":false},"featured_media":532,"comment_status":"closed","ping_status":"closed","template":"","meta":{"_lmt_disableupdate":"","_lmt_disable":""},"product_brand":[],"product_cat":[44],"product_tag":[],"class_list":{"0":"post-3061","1":"product","2":"type-product","3":"status-publish","4":"has-post-thumbnail","6":"product_cat-circuitos-integrados","8":"first","9":"instock","10":"taxable","11":"shipping-taxable","12":"purchasable","13":"product-type-simple"},"_links":{"self":[{"href":"https:\/\/itv.geekbotelectronics.com\/index.php\/wp-json\/wp\/v2\/product\/3061"}],"collection":[{"href":"https:\/\/itv.geekbotelectronics.com\/index.php\/wp-json\/wp\/v2\/product"}],"about":[{"href":"https:\/\/itv.geekbotelectronics.com\/index.php\/wp-json\/wp\/v2\/types\/product"}],"replies":[{"embeddable":true,"href":"https:\/\/itv.geekbotelectronics.com\/index.php\/wp-json\/wp\/v2\/comments?post=3061"}],"wp:featuredmedia":[{"embeddable":true,"href":"https:\/\/itv.geekbotelectronics.com\/index.php\/wp-json\/wp\/v2\/media\/532"}],"wp:attachment":[{"href":"https:\/\/itv.geekbotelectronics.com\/index.php\/wp-json\/wp\/v2\/media?parent=3061"}],"wp:term":[{"taxonomy":"product_brand","embeddable":true,"href":"https:\/\/itv.geekbotelectronics.com\/index.php\/wp-json\/wp\/v2\/product_brand?post=3061"},{"taxonomy":"product_cat","embeddable":true,"href":"https:\/\/itv.geekbotelectronics.com\/index.php\/wp-json\/wp\/v2\/product_cat?post=3061"},{"taxonomy":"product_tag","embeddable":true,"href":"https:\/\/itv.geekbotelectronics.com\/index.php\/wp-json\/wp\/v2\/product_tag?post=3061"}],"curies":[{"name":"wp","href":"https:\/\/api.w.org\/{rel}","templated":true}]}}