{"id":3072,"date":"2022-09-05T22:09:42","date_gmt":"2022-09-06T04:09:42","guid":{"rendered":"https:\/\/itv.geekbotelectronics.com\/?post_type=product&#038;p=3072"},"modified":"2025-06-02T14:10:09","modified_gmt":"2025-06-02T20:10:09","slug":"74ls192-contador-bcd-arriba-abajo","status":"publish","type":"product","link":"https:\/\/itv.geekbotelectronics.com\/index.php\/product\/74ls192-contador-bcd-arriba-abajo\/","title":{"rendered":"74LS192 Contador BCD Arriba\/Abajo"},"content":{"rendered":"<p>74LS192<\/p>\n<p>Contador por d\u00e9cadas BCD 74LS192\u00a0sincr\u00f3nico hacia arriba y hacia abajo (up\/down) con entradas de reloj separadas, carga asincr\u00f3nica, con clear.<\/p>\n<p><span style=\"color: #000000\">Un contador es un <a class=\"mw-redirect\" style=\"color: #000000\" title=\"Circuito secuencial\" href=\"https:\/\/es.wikipedia.org\/wiki\/Circuito_secuencial\">circuito secuencial<\/a> construido a partir de <a style=\"color: #000000\" title=\"Biestable\" href=\"https:\/\/es.wikipedia.org\/wiki\/Biestable\">biestable<\/a> y <a style=\"color: #000000\" title=\"Puerta l\u00f3gica\" href=\"https:\/\/es.wikipedia.org\/wiki\/Puerta_l%C3%B3gica\">puertas l\u00f3gicas<\/a> capaz de almacenar y contar los <a class=\"mw-redirect\" style=\"color: #000000\" title=\"Impulso el\u00e9ctrico\" href=\"https:\/\/es.wikipedia.org\/wiki\/Impulso_el%C3%A9ctrico\">impulsos<\/a> (a menudo relacionados con una se\u00f1al de reloj), que recibe en la <a style=\"color: #000000\" title=\"Entrada\" href=\"https:\/\/es.wikipedia.org\/wiki\/Entrada\">entrada<\/a> destinada a tal efecto, asimismo tambi\u00e9n act\u00faa como divisor de frecuencia. Normalmente, el c\u00f3mputo se realiza en <a style=\"color: #000000\" title=\"C\u00f3digo binario\" href=\"https:\/\/es.wikipedia.org\/wiki\/C%C3%B3digo_binario\">c\u00f3digo binario<\/a>, que con frecuencia ser\u00e1 el <a class=\"mw-redirect\" style=\"color: #000000\" title=\"Binario\" href=\"https:\/\/es.wikipedia.org\/wiki\/Binario\">binario natural<\/a> o el <a class=\"mw-redirect\" style=\"color: #000000\" title=\"BCD\" href=\"https:\/\/es.wikipedia.org\/wiki\/BCD\">BCD natural<\/a> (contador de d\u00e9cadas).<\/span><\/p>\n<p><strong>Caracter\u00edsticas:<\/strong><\/p>\n<ul>\n<li>Contador por d\u00e9cadas BCD<\/li>\n<li>Conteo reversible (ascendente\/descendente &#8211; up\/down) con entradas de reloj separadas<\/li>\n<li>Puede ser programado \u00f3 precargado (preset). Esta funci\u00f3n tambi\u00e9n permite utilizar el contador como divisor por m\u00f3dulo-N<\/li>\n<li>Entrada de clear independiente<\/li>\n<li>Conteo por flanco de subida<\/li>\n<li>M\u00faltiples unidades pueden ser conectadas en cascada f\u00e1cilmente<\/li>\n<li>Sus salidas pueden manejar hasta 10 cargas LS-TTL<\/li>\n<li>Tecnolog\u00eda:\u00a0TTL<\/li>\n<li>Velocidades similares a la familia LS-TTL<\/li>\n<li>Tiempo de propagaci\u00f3n: 10 ns t\u00edpico<\/li>\n<li>Voltaje de alimentaci\u00f3n: 5\u00a0V<\/li>\n<li>Encapsulado: DIP 16 pines<\/li>\n<\/ul>\n<p>&nbsp;<\/p>\n","protected":false},"excerpt":{"rendered":"<p>74LS192 Contador por d\u00e9cadas BCD 74LS192\u00a0sincr\u00f3nico hacia arriba y hacia abajo (up\/down) con entradas de reloj separadas, carga asincr\u00f3nica, con clear. Un contador es un circuito secuencial construido a partir de biestable y puertas l\u00f3gicas capaz de almacenar y contar los impulsos (a menudo relacionados con una se\u00f1al de reloj), que recibe en la entrada [&hellip;]<\/p>\n","protected":false},"featured_media":571,"comment_status":"closed","ping_status":"closed","template":"","meta":{"_lmt_disableupdate":"","_lmt_disable":""},"product_brand":[],"product_cat":[100],"product_tag":[120],"class_list":{"0":"post-3072","1":"product","2":"type-product","3":"status-publish","4":"has-post-thumbnail","6":"product_cat-contadores","7":"product_tag-contador","9":"first","10":"instock","11":"taxable","12":"shipping-taxable","13":"purchasable","14":"product-type-simple"},"_links":{"self":[{"href":"https:\/\/itv.geekbotelectronics.com\/index.php\/wp-json\/wp\/v2\/product\/3072"}],"collection":[{"href":"https:\/\/itv.geekbotelectronics.com\/index.php\/wp-json\/wp\/v2\/product"}],"about":[{"href":"https:\/\/itv.geekbotelectronics.com\/index.php\/wp-json\/wp\/v2\/types\/product"}],"replies":[{"embeddable":true,"href":"https:\/\/itv.geekbotelectronics.com\/index.php\/wp-json\/wp\/v2\/comments?post=3072"}],"wp:featuredmedia":[{"embeddable":true,"href":"https:\/\/itv.geekbotelectronics.com\/index.php\/wp-json\/wp\/v2\/media\/571"}],"wp:attachment":[{"href":"https:\/\/itv.geekbotelectronics.com\/index.php\/wp-json\/wp\/v2\/media?parent=3072"}],"wp:term":[{"taxonomy":"product_brand","embeddable":true,"href":"https:\/\/itv.geekbotelectronics.com\/index.php\/wp-json\/wp\/v2\/product_brand?post=3072"},{"taxonomy":"product_cat","embeddable":true,"href":"https:\/\/itv.geekbotelectronics.com\/index.php\/wp-json\/wp\/v2\/product_cat?post=3072"},{"taxonomy":"product_tag","embeddable":true,"href":"https:\/\/itv.geekbotelectronics.com\/index.php\/wp-json\/wp\/v2\/product_tag?post=3072"}],"curies":[{"name":"wp","href":"https:\/\/api.w.org\/{rel}","templated":true}]}}