{"id":3089,"date":"2022-09-05T22:09:43","date_gmt":"2022-09-06T04:09:43","guid":{"rendered":"https:\/\/itv.geekbotelectronics.com\/?post_type=product&#038;p=3089"},"modified":"2025-09-26T15:16:16","modified_gmt":"2025-09-26T21:16:16","slug":"transistor-2n6028-put","status":"publish","type":"product","link":"https:\/\/itv.geekbotelectronics.com\/index.php\/product\/transistor-2n6028-put\/","title":{"rendered":"Transistor 2N6028 PUT"},"content":{"rendered":"<h4>2N6028<\/h4>\n<div align=\"justify\">Transistor 2N6028 de peque\u00f1a se\u00f1al\u00a0<span id=\"result_box\" class=\"\" lang=\"es\">PNP programable Unijunction <span class=\"\">Transistor<\/span> (PUT), donde los terminales se designan como \u00e1nodo, puerta \u00e1nodo y el c\u00e1todo. El PUT ofrece muchas ventajas sobre los transistores de uni\u00f3n unipolar convencionales. El dise\u00f1ador puedeseleccionar R1 y R2 para programar las caracter\u00edsticas de uni\u00f3n unipolar como relaci\u00f3n intr\u00ednseca enfrentamiento, resistencia interbase, pico de punto de alimentaci\u00f3n de corriente actual y el valle de punto para satisfacer necesidades particulares. PUT de se caracterizanespec\u00edficamente para contadores de intervalos largos y otras aplicaciones que requieren baja corriente de fuga y la corriente de bajo punto de pico.<\/span><\/div>\n<div align=\"justify\"><\/div>\n<div align=\"justify\">El transistor es un <a style=\"color: #000000\" title=\"Componente electr\u00f3nico\" href=\"https:\/\/es.wikipedia.org\/wiki\/Componente_electr%C3%B3nico\">dispositivo electr\u00f3nico<\/a> <a style=\"color: #000000\" title=\"Semiconductor\" href=\"https:\/\/es.wikipedia.org\/wiki\/Semiconductor\">semiconductor<\/a> utilizado para entregar una se\u00f1al de salida en respuesta a una se\u00f1al de entrada.<\/div>\n<div align=\"justify\"><\/div>\n<div>\n<p><strong>Especificaciones:<\/strong><\/p>\n<div>\n<ul>\n<li>UJT PROGRAMABLE, 2 A, TO-92<\/li>\n<li>Corriente: 2 A<\/li>\n<li>\u00a0Pico emisor de corriente: 1 uA<\/li>\n<li>Corriente Iv: 150 \u03bcA<\/li>\n<li>Disipaci\u00f3n de Potencia Pd: 300 mW<\/li>\n<li>Rango de temperatura de funcionamiento: -50 \u00b0 C a +100 \u00b0 C<\/li>\n<li>Encapsulado TO-92<\/li>\n<li>3 pines<\/li>\n<li>Sustituto: NTE6402<\/li>\n<\/ul>\n<\/div>\n<\/div>\n","protected":false},"excerpt":{"rendered":"<p><a href=\"http:\/\/www.geekbotelectronics.com\/wp-content\/uploads\/2015\/05\/2n6028.pdf\">DataSheet<\/a><\/p>\n","protected":false},"featured_media":585,"comment_status":"open","ping_status":"closed","template":"","meta":{"_lmt_disableupdate":"","_lmt_disable":""},"product_brand":[],"product_cat":[129],"product_tag":[],"class_list":{"0":"post-3089","1":"product","2":"type-product","3":"status-publish","4":"has-post-thumbnail","6":"product_cat-put","8":"first","9":"instock","10":"taxable","11":"shipping-taxable","12":"purchasable","13":"product-type-simple"},"_links":{"self":[{"href":"https:\/\/itv.geekbotelectronics.com\/index.php\/wp-json\/wp\/v2\/product\/3089"}],"collection":[{"href":"https:\/\/itv.geekbotelectronics.com\/index.php\/wp-json\/wp\/v2\/product"}],"about":[{"href":"https:\/\/itv.geekbotelectronics.com\/index.php\/wp-json\/wp\/v2\/types\/product"}],"replies":[{"embeddable":true,"href":"https:\/\/itv.geekbotelectronics.com\/index.php\/wp-json\/wp\/v2\/comments?post=3089"}],"wp:featuredmedia":[{"embeddable":true,"href":"https:\/\/itv.geekbotelectronics.com\/index.php\/wp-json\/wp\/v2\/media\/585"}],"wp:attachment":[{"href":"https:\/\/itv.geekbotelectronics.com\/index.php\/wp-json\/wp\/v2\/media?parent=3089"}],"wp:term":[{"taxonomy":"product_brand","embeddable":true,"href":"https:\/\/itv.geekbotelectronics.com\/index.php\/wp-json\/wp\/v2\/product_brand?post=3089"},{"taxonomy":"product_cat","embeddable":true,"href":"https:\/\/itv.geekbotelectronics.com\/index.php\/wp-json\/wp\/v2\/product_cat?post=3089"},{"taxonomy":"product_tag","embeddable":true,"href":"https:\/\/itv.geekbotelectronics.com\/index.php\/wp-json\/wp\/v2\/product_tag?post=3089"}],"curies":[{"name":"wp","href":"https:\/\/api.w.org\/{rel}","templated":true}]}}