{"id":3123,"date":"2022-09-05T22:09:51","date_gmt":"2022-09-06T04:09:51","guid":{"rendered":"https:\/\/itv.geekbotelectronics.com\/?post_type=product&#038;p=3123"},"modified":"2025-06-03T12:47:39","modified_gmt":"2025-06-03T18:47:39","slug":"trimpot-100-kohm","status":"publish","type":"product","link":"https:\/\/itv.geekbotelectronics.com\/index.php\/product\/trimpot-100-kohm\/","title":{"rendered":"Trimpot 100 Kohm"},"content":{"rendered":"<h4><strong>Trimpot<\/strong><\/h4>\n<p>El trimpot o potenci\u00f3metro multivueltas vertical, es un resistor variable del tama\u00f1o de una moneda peque\u00f1a que ajusta los niveles de voltaje y corriente en el circuito. A diferencia de otros resistores variables, este potenci\u00f3metro\u00a0se coloca directamente en la placa del circuito. En vez de una perilla, tiene una ranura para destornillador para realizar los ajustes.<\/p>\n<p>Los potenci\u00f3metros de ajuste, son potenci\u00f3metros que se ajustan de una vez por todas, con la ayuda de un destornillador. Sirven para que el circuito al que pertenecen, act\u00fae adecuadamente (en su punto) y compensar las tolerancias en otros componentes.<\/p>\n<p><strong>Especificaciones<\/strong><\/p>\n<ul>\n<li>Tipo: Trimpot<\/li>\n<li>N\u00famero de pines:\u00a0 3<\/li>\n<li>N\u00famero de vueltas: 20<\/li>\n<li>Dimensiones de la base: 0.9 cm x 0.5 cm x 0.9 cm<\/li>\n<li>Cuadrado<\/li>\n<li>Separaci\u00f3n de los pines: 0.2 cm<\/li>\n<\/ul>\n","protected":false},"excerpt":{"rendered":"<p>Resistor variable con tornillo tipo trimpot<\/p>\n","protected":false},"featured_media":658,"comment_status":"closed","ping_status":"closed","template":"","meta":{"_lmt_disableupdate":"","_lmt_disable":""},"product_brand":[],"product_cat":[132],"product_tag":[],"class_list":{"0":"post-3123","1":"product","2":"type-product","3":"status-publish","4":"has-post-thumbnail","6":"product_cat-preset-trimpot","8":"first","9":"instock","10":"taxable","11":"shipping-taxable","12":"purchasable","13":"product-type-simple"},"_links":{"self":[{"href":"https:\/\/itv.geekbotelectronics.com\/index.php\/wp-json\/wp\/v2\/product\/3123"}],"collection":[{"href":"https:\/\/itv.geekbotelectronics.com\/index.php\/wp-json\/wp\/v2\/product"}],"about":[{"href":"https:\/\/itv.geekbotelectronics.com\/index.php\/wp-json\/wp\/v2\/types\/product"}],"replies":[{"embeddable":true,"href":"https:\/\/itv.geekbotelectronics.com\/index.php\/wp-json\/wp\/v2\/comments?post=3123"}],"wp:featuredmedia":[{"embeddable":true,"href":"https:\/\/itv.geekbotelectronics.com\/index.php\/wp-json\/wp\/v2\/media\/658"}],"wp:attachment":[{"href":"https:\/\/itv.geekbotelectronics.com\/index.php\/wp-json\/wp\/v2\/media?parent=3123"}],"wp:term":[{"taxonomy":"product_brand","embeddable":true,"href":"https:\/\/itv.geekbotelectronics.com\/index.php\/wp-json\/wp\/v2\/product_brand?post=3123"},{"taxonomy":"product_cat","embeddable":true,"href":"https:\/\/itv.geekbotelectronics.com\/index.php\/wp-json\/wp\/v2\/product_cat?post=3123"},{"taxonomy":"product_tag","embeddable":true,"href":"https:\/\/itv.geekbotelectronics.com\/index.php\/wp-json\/wp\/v2\/product_tag?post=3123"}],"curies":[{"name":"wp","href":"https:\/\/api.w.org\/{rel}","templated":true}]}}