{"id":3186,"date":"2022-09-05T22:10:08","date_gmt":"2022-09-06T04:10:08","guid":{"rendered":"https:\/\/itv.geekbotelectronics.com\/?post_type=product&#038;p=3186"},"modified":"2025-06-02T12:23:15","modified_gmt":"2025-06-02T18:23:15","slug":"modulo-sensor-mq-3-etanol","status":"publish","type":"product","link":"https:\/\/itv.geekbotelectronics.com\/index.php\/product\/modulo-sensor-mq-3-etanol\/","title":{"rendered":"M\u00f3dulo Sensor MQ-3 Etanol"},"content":{"rendered":"<h4>MQ-3 M\u00f3dulo Sensor de Etanol, Alcohol y Humo<\/h4>\n<p>El sensor de gas anal\u00f3gico &#8211; MQ-3 es adecuado para la detecci\u00f3n de alcohol, este sensor puede ser usado como alcohol\u00edmetro. Tiene una alta sensibilidad al alcohol y dicha sensibilidad puede ser ajustada por el potenci\u00f3metro.<\/p>\n<p><strong>Caracter\u00edsticas:<\/strong><\/p>\n<ul>\n<li>Detecci\u00f3n de\u00a0alcohol<\/li>\n<li>Temperatura de operaci\u00f3n: -20 \u00b0C a 50 \u00b0C<\/li>\n<li>Humedad relativa de operaci\u00f3n: &lt; 95%<\/li>\n<li>Concentraci\u00f3n de ox\u00edgeno (O<sub>2<\/sub>) en operaci\u00f3n: 21% (2% m\u00ednimo) (La concentraci\u00f3n de ox\u00edgeno modifica la sensibilidad)<\/li>\n<li>Salida an\u00e1loga<\/li>\n<li>Material sensible: SnO<sub>2<\/sub><\/li>\n<li>Voltaje de alimentaci\u00f3n: 5 V \u00b10.1<\/li>\n<li>Resistencia del calefactor: 33 \u03a9 \u00b15%<\/li>\n<li>Potencia consumida por el calefactor: &lt; 0.8 W<\/li>\n<\/ul>\n<div><a href=\"http:\/\/www.sparkfun.com\/datasheets\/Sensors\/MQ-3.pdf\" target=\"_blank\" rel=\"noopener noreferrer\">Datasheet<\/a><\/div>\n","protected":false},"excerpt":{"rendered":"<h3><\/h3>\n<div id=\"__if72ru4sdfsdfruh7fewui_once\"><\/div>\n<div id=\"__hggasdgjhsagd_once\"><\/div>\n","protected":false},"featured_media":723,"comment_status":"open","ping_status":"closed","template":"","meta":{"_lmt_disableupdate":"no","_lmt_disable":""},"product_brand":[],"product_cat":[68],"product_tag":[],"class_list":{"0":"post-3186","1":"product","2":"type-product","3":"status-publish","4":"has-post-thumbnail","6":"product_cat-ambientales","8":"first","9":"instock","10":"taxable","11":"shipping-taxable","12":"purchasable","13":"product-type-simple"},"_links":{"self":[{"href":"https:\/\/itv.geekbotelectronics.com\/index.php\/wp-json\/wp\/v2\/product\/3186"}],"collection":[{"href":"https:\/\/itv.geekbotelectronics.com\/index.php\/wp-json\/wp\/v2\/product"}],"about":[{"href":"https:\/\/itv.geekbotelectronics.com\/index.php\/wp-json\/wp\/v2\/types\/product"}],"replies":[{"embeddable":true,"href":"https:\/\/itv.geekbotelectronics.com\/index.php\/wp-json\/wp\/v2\/comments?post=3186"}],"wp:featuredmedia":[{"embeddable":true,"href":"https:\/\/itv.geekbotelectronics.com\/index.php\/wp-json\/wp\/v2\/media\/723"}],"wp:attachment":[{"href":"https:\/\/itv.geekbotelectronics.com\/index.php\/wp-json\/wp\/v2\/media?parent=3186"}],"wp:term":[{"taxonomy":"product_brand","embeddable":true,"href":"https:\/\/itv.geekbotelectronics.com\/index.php\/wp-json\/wp\/v2\/product_brand?post=3186"},{"taxonomy":"product_cat","embeddable":true,"href":"https:\/\/itv.geekbotelectronics.com\/index.php\/wp-json\/wp\/v2\/product_cat?post=3186"},{"taxonomy":"product_tag","embeddable":true,"href":"https:\/\/itv.geekbotelectronics.com\/index.php\/wp-json\/wp\/v2\/product_tag?post=3186"}],"curies":[{"name":"wp","href":"https:\/\/api.w.org\/{rel}","templated":true}]}}