{"id":3334,"date":"2022-09-05T22:10:51","date_gmt":"2022-09-06T04:10:51","guid":{"rendered":"https:\/\/itv.geekbotelectronics.com\/?post_type=product&#038;p=3334"},"modified":"2025-05-06T13:17:11","modified_gmt":"2025-05-06T19:17:11","slug":"74hc154-decodificador-demultiplexor","status":"publish","type":"product","link":"https:\/\/itv.geekbotelectronics.com\/index.php\/product\/74hc154-decodificador-demultiplexor\/","title":{"rendered":"74HC154 Decodificador\/Demultiplexor"},"content":{"rendered":"<h4>74HC154<\/h4>\n<p>Decodificador \/ demultiplexor de 4 a 16 l\u00edneas 74HC154, 2 entradas de habilitaci\u00f3n. CMOS.<\/p>\n<p>Un demultiplexor es un <a class=\"mw-redirect\" style=\"color: #000000\" title=\"Circuito combinacional\" href=\"https:\/\/es.wikipedia.org\/wiki\/Circuito_combinacional\">circuito combinacional<\/a> que tiene una entrada de informaci\u00f3n de datos <i>d<\/i> y <i>n\u00a0<\/i>entradas de control que sirven para seleccionar una de las 2<sup>n<\/sup> salidas, por la que ha de salir el dato que presente en la entrada. Esto se consigue aplicando a las entradas de control la combinaci\u00f3n <a style=\"color: #000000\" title=\"C\u00f3digo binario\" href=\"https:\/\/es.wikipedia.org\/wiki\/C%C3%B3digo_binario\">binaria<\/a> correspondiente a la salida que se desea seleccionar.<\/p>\n<p><strong>Caracter\u00edsticas:<\/strong><\/p>\n<ul>\n<li>Decodificador \/ demultiplexor de 4 a 16 l\u00edneas<\/li>\n<li>Dos entradas de habilitaci\u00f3n que facilitan la demultiplexaci\u00f3n y la conecci\u00f3n de varias unidades en cascada<\/li>\n<li>Tiempos de propagaci\u00f3n y transici\u00f3n balanceados<\/li>\n<li>Tiempo de propagaci\u00f3n: 14 ns t\u00edpico<\/li>\n<li>Alta inmunidad al ruido<\/li>\n<li>Fan out: 10 cargas LS-TTL<\/li>\n<li>Tecnolog\u00eda: High Speed CMOS\u00a0(HC)<\/li>\n<li>Muy bajo consumo de potencia, similar a los C.I. CMOS est\u00e1ndar<\/li>\n<li>Voltaje de alimentaci\u00f3n:\u00a02 V a 6 V<\/li>\n<li>Encapsulado: PDIP\u00a024 pines<\/li>\n<\/ul>\n<p>&nbsp;<\/p>\n","protected":false},"excerpt":{"rendered":"<p>74HC154 Decodificador \/ demultiplexor de 4 a 16 l\u00edneas 74HC154, 2 entradas de habilitaci\u00f3n. CMOS. Un demultiplexor es un circuito combinacional que tiene una entrada de informaci\u00f3n de datos d y n\u00a0entradas de control que sirven para seleccionar una de las 2n salidas, por la que ha de salir el dato que presente en la [&hellip;]<\/p>\n","protected":false},"featured_media":880,"comment_status":"closed","ping_status":"closed","template":"","meta":{"_lmt_disableupdate":"","_lmt_disable":""},"product_brand":[],"product_cat":[81],"product_tag":[],"class_list":{"0":"post-3334","1":"product","2":"type-product","3":"status-publish","4":"has-post-thumbnail","6":"product_cat-codificadores-decodificadores-demultiplexores-y-multiplexores","8":"first","9":"instock","10":"taxable","11":"shipping-taxable","12":"purchasable","13":"product-type-simple"},"_links":{"self":[{"href":"https:\/\/itv.geekbotelectronics.com\/index.php\/wp-json\/wp\/v2\/product\/3334"}],"collection":[{"href":"https:\/\/itv.geekbotelectronics.com\/index.php\/wp-json\/wp\/v2\/product"}],"about":[{"href":"https:\/\/itv.geekbotelectronics.com\/index.php\/wp-json\/wp\/v2\/types\/product"}],"replies":[{"embeddable":true,"href":"https:\/\/itv.geekbotelectronics.com\/index.php\/wp-json\/wp\/v2\/comments?post=3334"}],"wp:featuredmedia":[{"embeddable":true,"href":"https:\/\/itv.geekbotelectronics.com\/index.php\/wp-json\/wp\/v2\/media\/880"}],"wp:attachment":[{"href":"https:\/\/itv.geekbotelectronics.com\/index.php\/wp-json\/wp\/v2\/media?parent=3334"}],"wp:term":[{"taxonomy":"product_brand","embeddable":true,"href":"https:\/\/itv.geekbotelectronics.com\/index.php\/wp-json\/wp\/v2\/product_brand?post=3334"},{"taxonomy":"product_cat","embeddable":true,"href":"https:\/\/itv.geekbotelectronics.com\/index.php\/wp-json\/wp\/v2\/product_cat?post=3334"},{"taxonomy":"product_tag","embeddable":true,"href":"https:\/\/itv.geekbotelectronics.com\/index.php\/wp-json\/wp\/v2\/product_tag?post=3334"}],"curies":[{"name":"wp","href":"https:\/\/api.w.org\/{rel}","templated":true}]}}