{"id":3455,"date":"2022-09-05T22:11:26","date_gmt":"2022-09-06T04:11:26","guid":{"rendered":"https:\/\/itv.geekbotelectronics.com\/?post_type=product&#038;p=3455"},"modified":"2025-10-27T11:28:03","modified_gmt":"2025-10-27T17:28:03","slug":"display-7-segmentos-de-4-digitos","status":"publish","type":"product","link":"https:\/\/itv.geekbotelectronics.com\/index.php\/product\/display-7-segmentos-de-4-digitos\/","title":{"rendered":"Display 7 segmentos de 4 D\u00edgitos"},"content":{"rendered":"<h4>Display 7 segmentos de 4 d\u00edgitos<\/h4>\n<p>Display 7 segmentos de 4 d\u00edgitos C\u00e1todo Pines Horizontales.<\/p>\n<div align=\"justify\">El visualizador de siete segmentos (llamado tambi\u00e9n display) es una forma de representar n\u00fameros en equipos electr\u00f3nicos. Est\u00e1 compuesto de siete segmentos que se pueden encender o apagar individualmente. Cada segmento tiene la forma de una peque\u00f1a l\u00ednea. Aunque externamente su forma difiere considerablemente de un led t\u00edpico, internamente est\u00e1n constituidos por una serie de ledes con unas determinadas conexiones internas, estrat\u00e9gicamente ubicados de tal forma que forme un n\u00famero &#8216;8&#8217;.<\/div>\n<p>&nbsp;<\/p>\n<p><strong>Especificaciones<\/strong><\/p>\n<ul>\n<li>Voltaje: 3 VCD<\/li>\n<li>Amperaje: 30 mA<\/li>\n<li>N\u00famero de segmentos: 7<\/li>\n<li>Numero de pines: 12<\/li>\n<li>C\u00e1todo com\u00fan<\/li>\n<li>Color del LED: Rojo<\/li>\n<li>Posici\u00f3n de los pines con respecto al punto: Horizontales<\/li>\n<li>Dimensiones del display: 5 cm x 1.9 cm x 0.7 cm<\/li>\n<\/ul>\n","protected":false},"excerpt":{"rendered":"<h3 class=\"productTitle\">Display de 4 d\u00edgitos de 7 segmentos<\/h3>\n<p>Este es un display b\u00e1sico de 4 d\u00edgitos de 7 sementos en color rojo. Tiene c\u00e1todo com\u00fan. El display tiene puntos digitales en cada d\u00edgito.<\/p>\n<p>Los LEDs tienen un voltaje de operaci\u00f3n de 2.1VDC y una corriente m\u00e1xima de operaci\u00f3n 20mA. La interfaz de hardware tiene 12 pines (2 columnas de 6)<\/p>\n","protected":false},"featured_media":1067,"comment_status":"open","ping_status":"closed","template":"","meta":{"_lmt_disableupdate":"no","_lmt_disable":""},"product_brand":[],"product_cat":[33],"product_tag":[],"class_list":{"0":"post-3455","1":"product","2":"type-product","3":"status-publish","4":"has-post-thumbnail","6":"product_cat-matrices-led","8":"first","9":"instock","10":"purchasable","11":"product-type-simple"},"_links":{"self":[{"href":"https:\/\/itv.geekbotelectronics.com\/index.php\/wp-json\/wp\/v2\/product\/3455"}],"collection":[{"href":"https:\/\/itv.geekbotelectronics.com\/index.php\/wp-json\/wp\/v2\/product"}],"about":[{"href":"https:\/\/itv.geekbotelectronics.com\/index.php\/wp-json\/wp\/v2\/types\/product"}],"replies":[{"embeddable":true,"href":"https:\/\/itv.geekbotelectronics.com\/index.php\/wp-json\/wp\/v2\/comments?post=3455"}],"wp:featuredmedia":[{"embeddable":true,"href":"https:\/\/itv.geekbotelectronics.com\/index.php\/wp-json\/wp\/v2\/media\/1067"}],"wp:attachment":[{"href":"https:\/\/itv.geekbotelectronics.com\/index.php\/wp-json\/wp\/v2\/media?parent=3455"}],"wp:term":[{"taxonomy":"product_brand","embeddable":true,"href":"https:\/\/itv.geekbotelectronics.com\/index.php\/wp-json\/wp\/v2\/product_brand?post=3455"},{"taxonomy":"product_cat","embeddable":true,"href":"https:\/\/itv.geekbotelectronics.com\/index.php\/wp-json\/wp\/v2\/product_cat?post=3455"},{"taxonomy":"product_tag","embeddable":true,"href":"https:\/\/itv.geekbotelectronics.com\/index.php\/wp-json\/wp\/v2\/product_tag?post=3455"}],"curies":[{"name":"wp","href":"https:\/\/api.w.org\/{rel}","templated":true}]}}