{"id":3456,"date":"2022-09-05T22:11:33","date_gmt":"2022-09-06T04:11:33","guid":{"rendered":"https:\/\/itv.geekbotelectronics.com\/?post_type=product&#038;p=3456"},"modified":"2025-11-11T15:16:55","modified_gmt":"2025-11-11T21:16:55","slug":"74hc595-registro-de-desplazamiento","status":"publish","type":"product","link":"https:\/\/itv.geekbotelectronics.com\/index.php\/product\/74hc595-registro-de-desplazamiento\/","title":{"rendered":"74HC595 Registro de Desplazamiento"},"content":{"rendered":"<h4>74HC595<\/h4>\n<p><span style=\"color: #333333\">Registro\u00a0de desplazamiento de 8 bits 74HC595, entrada serial y salida paralela o serial, salidas tri-estado con cerrojos (latches), entradas de reloj activadas por flanco de subida.\u00a0CMOS<\/span><\/p>\n<p><span style=\"color: #333333\">Un registro de desplazamiento es un <a style=\"color: #333333\" title=\"Circuito digital\" href=\"https:\/\/es.wikipedia.org\/wiki\/Circuito_digital\">circuito digital<\/a> secuencial (es decir, que los valores de sus salidas dependen de sus entradas y de los valores anteriores) consistente en una serie de <a style=\"color: #333333\" title=\"Biestable\" href=\"https:\/\/es.wikipedia.org\/wiki\/Biestable\">biestables<\/a>, generalmente de tipo D, conectados en cascada, que basculan de forma sincr\u00f3nica con la misma se\u00f1al de reloj. Seg\u00fan las conexiones entre los biestables, se tiene un desplazamiento a la izquierda o a la derecha de la informaci\u00f3n almacenada.<\/span><\/p>\n<p><strong>Caracter\u00edsticas:<\/strong><\/p>\n<ul>\n<li>Entrada serial, salida paralela, o salida serial\u00a0que permite conexi\u00f3n en cascada de varias unidades<\/li>\n<li>Registro de desplazamiento de 8 bits alimenta un registro de almacenamiento tipo D (cerrojo)<\/li>\n<li>Registro de almacenamiento con salidas tri-estado de alta corriente, pueden manejar hasta 15 cargas LS-TTL<\/li>\n<li>Entradas de reloj separadas para el registro de desplazamiento y el de almacenamiento con activaci\u00f3n por flanco de subida<\/li>\n<li>Si las entradas de reloj se conectan juntas, el registro de desplazamiento siempre estar\u00e1 un ciclo de reloj adelantado que el registro de almacenamiento<\/li>\n<li>Registro de desplazamiento cuenta con entrada de clear directa<\/li>\n<li>Tecnolog\u00eda: High Speed CMOS\u00a0(HC)<\/li>\n<li>Muy bajo consumo de potencia, similar a los C.I. CMOS est\u00e1ndar<\/li>\n<li>Consumo de corriente bajo: 80 \u03bcA max.<\/li>\n<li>Velocidades similares a la familia LS-TTL<\/li>\n<li>Tiempo de propagaci\u00f3n: 13 ns t\u00edpico<\/li>\n<li>Voltaje de alimentaci\u00f3n:\u00a02 V a 6 V<\/li>\n<li>Encapsulado: PDIP\u00a016 pines<\/li>\n<\/ul>\n","protected":false},"excerpt":{"rendered":"<p>74HC595 Registro\u00a0de desplazamiento de 8 bits 74HC595, entrada serial y salida paralela o serial, salidas tri-estado con cerrojos (latches), entradas de reloj activadas por flanco de subida.\u00a0CMOS Un registro de desplazamiento es un circuito digital secuencial (es decir, que los valores de sus salidas dependen de sus entradas y de los valores anteriores) consistente en [&hellip;]<\/p>\n","protected":false},"featured_media":1068,"comment_status":"closed","ping_status":"closed","template":"","meta":{"_lmt_disableupdate":"","_lmt_disable":""},"product_brand":[],"product_cat":[44],"product_tag":[],"class_list":{"0":"post-3456","1":"product","2":"type-product","3":"status-publish","4":"has-post-thumbnail","6":"product_cat-circuitos-integrados","8":"first","9":"instock","10":"taxable","11":"shipping-taxable","12":"purchasable","13":"product-type-simple"},"_links":{"self":[{"href":"https:\/\/itv.geekbotelectronics.com\/index.php\/wp-json\/wp\/v2\/product\/3456"}],"collection":[{"href":"https:\/\/itv.geekbotelectronics.com\/index.php\/wp-json\/wp\/v2\/product"}],"about":[{"href":"https:\/\/itv.geekbotelectronics.com\/index.php\/wp-json\/wp\/v2\/types\/product"}],"replies":[{"embeddable":true,"href":"https:\/\/itv.geekbotelectronics.com\/index.php\/wp-json\/wp\/v2\/comments?post=3456"}],"wp:featuredmedia":[{"embeddable":true,"href":"https:\/\/itv.geekbotelectronics.com\/index.php\/wp-json\/wp\/v2\/media\/1068"}],"wp:attachment":[{"href":"https:\/\/itv.geekbotelectronics.com\/index.php\/wp-json\/wp\/v2\/media?parent=3456"}],"wp:term":[{"taxonomy":"product_brand","embeddable":true,"href":"https:\/\/itv.geekbotelectronics.com\/index.php\/wp-json\/wp\/v2\/product_brand?post=3456"},{"taxonomy":"product_cat","embeddable":true,"href":"https:\/\/itv.geekbotelectronics.com\/index.php\/wp-json\/wp\/v2\/product_cat?post=3456"},{"taxonomy":"product_tag","embeddable":true,"href":"https:\/\/itv.geekbotelectronics.com\/index.php\/wp-json\/wp\/v2\/product_tag?post=3456"}],"curies":[{"name":"wp","href":"https:\/\/api.w.org\/{rel}","templated":true}]}}