{"id":3570,"date":"2022-09-05T22:12:02","date_gmt":"2022-09-06T04:12:02","guid":{"rendered":"https:\/\/itv.geekbotelectronics.com\/?post_type=product&#038;p=3570"},"modified":"2024-11-25T12:36:08","modified_gmt":"2024-11-25T18:36:08","slug":"buzzer-3-24v","status":"publish","type":"product","link":"https:\/\/itv.geekbotelectronics.com\/index.php\/product\/buzzer-3-24v\/","title":{"rendered":"Buzzer 3-24V"},"content":{"rendered":"<h4>Buzzer<\/h4>\n<p style=\"text-align: justify\"><span style=\"color: #000000\">Un buzzer es un dispositivo\u00a0<a style=\"color: #000000\" title=\"Electroim\u00e1n\" href=\"https:\/\/es.wikipedia.org\/wiki\/Electroim%C3%A1n\">electr<\/a>\u00f3nico\u00a0que produce un sonido o zumbido continuo o intermitente de un mismo tono. Sirve como mecanismo de se\u00f1alizaci\u00f3n o aviso, y son utilizados en m\u00faltiples sistemas como en autom\u00f3viles, proyectos electr\u00f3nicos, locales comerciales, etc.<\/span><\/p>\n<p style=\"text-align: justify\"><span style=\"color: #000000\">Su construcci\u00f3n consta de dos elementos, un <a style=\"color: #000000\" title=\"Electroim\u00e1n\" href=\"https:\/\/es.wikipedia.org\/wiki\/Electroim%C3%A1n\">electroim\u00e1n<\/a> y una l\u00e1mina met\u00e1lica de acero. El zumbador puede ser conectado a circuitos integrados especiales para as\u00ed lograr distintos tonos.<\/span><\/p>\n<p style=\"text-align: justify\"><span style=\"color: #000000\">Cuando se acciona, la corriente pasa por la bobina del electroim\u00e1n y produce un campo magn\u00e9tico variable que hace vibrar la l\u00e1mina de acero sobre la armadura.<\/span><\/p>\n<h5>Especificaciones<\/h5>\n<ul>\n<li>Alimentaci\u00f3n: 3-24 VCD<\/li>\n<li>Consumo: 6 mA<\/li>\n<li>Cuenta con orejas para sujetarse<\/li>\n<li>Con cable<\/li>\n<li>2.8 KHZ<\/li>\n<li>Nivel del sonido: 90 dB<\/li>\n<li>Driver interno<\/li>\n<li>Color: Negro<\/li>\n<li>Dimensiones:<\/li>\n<\/ul>\n<div>\u00a0\u00a0 -Ancho: 1.2 cm<\/div>\n<div>\u00a0\u00a0 -Di\u00e1metro: 2.3 cm<\/div>\n","protected":false},"excerpt":{"rendered":"<p>El Buzzer con se\u00f1al de tono constante. Se utiliza para todo tipo de alarmas, se\u00f1aladores ac\u00fasticos y cualquier dise\u00f1o, ya que con poco voltaje, se obtiene excelente se\u00f1al ac\u00fastica.<\/p>\n","protected":false},"featured_media":1239,"comment_status":"closed","ping_status":"closed","template":"","meta":{"_lmt_disableupdate":"no","_lmt_disable":""},"product_brand":[],"product_cat":[91],"product_tag":[],"class_list":{"0":"post-3570","1":"product","2":"type-product","3":"status-publish","4":"has-post-thumbnail","6":"product_cat-audio","8":"first","9":"outofstock","10":"taxable","11":"shipping-taxable","12":"purchasable","13":"product-type-simple"},"_links":{"self":[{"href":"https:\/\/itv.geekbotelectronics.com\/index.php\/wp-json\/wp\/v2\/product\/3570"}],"collection":[{"href":"https:\/\/itv.geekbotelectronics.com\/index.php\/wp-json\/wp\/v2\/product"}],"about":[{"href":"https:\/\/itv.geekbotelectronics.com\/index.php\/wp-json\/wp\/v2\/types\/product"}],"replies":[{"embeddable":true,"href":"https:\/\/itv.geekbotelectronics.com\/index.php\/wp-json\/wp\/v2\/comments?post=3570"}],"wp:featuredmedia":[{"embeddable":true,"href":"https:\/\/itv.geekbotelectronics.com\/index.php\/wp-json\/wp\/v2\/media\/1239"}],"wp:attachment":[{"href":"https:\/\/itv.geekbotelectronics.com\/index.php\/wp-json\/wp\/v2\/media?parent=3570"}],"wp:term":[{"taxonomy":"product_brand","embeddable":true,"href":"https:\/\/itv.geekbotelectronics.com\/index.php\/wp-json\/wp\/v2\/product_brand?post=3570"},{"taxonomy":"product_cat","embeddable":true,"href":"https:\/\/itv.geekbotelectronics.com\/index.php\/wp-json\/wp\/v2\/product_cat?post=3570"},{"taxonomy":"product_tag","embeddable":true,"href":"https:\/\/itv.geekbotelectronics.com\/index.php\/wp-json\/wp\/v2\/product_tag?post=3570"}],"curies":[{"name":"wp","href":"https:\/\/api.w.org\/{rel}","templated":true}]}}