{"id":3584,"date":"2022-09-05T22:12:08","date_gmt":"2022-09-06T04:12:08","guid":{"rendered":"https:\/\/itv.geekbotelectronics.com\/?post_type=product&#038;p=3584"},"modified":"2025-11-03T17:53:40","modified_gmt":"2025-11-03T23:53:40","slug":"resistencia-33-ohm-5-w","status":"publish","type":"product","link":"https:\/\/itv.geekbotelectronics.com\/index.php\/product\/resistencia-33-ohm-5-w\/","title":{"rendered":"Resistencia 33 ohm 5 W"},"content":{"rendered":"<h4 style=\"text-align: justify\"><span style=\"color: #000000\">Resistencia 33\u00a0ohm 5 W<\/span><\/h4>\n<p><span style=\"color: #000000\">La Resistencia de potencia es uno\u00a0de los componentes m\u00e1s simples y m\u00e1s importante de los sistemas el\u00e9ctricos.\u00a0Los circuitos el\u00e9ctricos usan muchos dispositivos diferentes para ayudar a regular y canalizar el flujo de electricidad. Las resistencias controlan la cantidad de electricidad que fluye a trav\u00e9s de los circuitos. Los diferentes tipos de resistencias se utilizan para fines espec\u00edficos.<\/span><\/p>\n<p style=\"text-align: justify\"><span style=\"color: #000000\">La resistencia de potencia se llama as\u00ed porque resiste a la <a style=\"color: #000000\" title=\"Corriente el\u00e9ctrica\" href=\"https:\/\/es.wikipedia.org\/wiki\/Corriente_el%C3%A9ctrica\">corriente el\u00e9ctrica<\/a> que fluye a trav\u00e9s de ella. Todos los materiales tienen una resistencia el\u00e9ctrica inherente. Los metales utilizados para fabricar resistencias tienen propiedades espec\u00edficos que los fabricantes crean para frenar el flujo de corriente. La corriente pierde energ\u00eda a medida que pasa a trav\u00e9s de la resistencia y sale por el otro lado con una tensi\u00f3n m\u00e1s baja necesaria para operar los circuitos que se conectan al otro lado.<\/span><\/p>\n<p style=\"text-align: justify\"><span style=\"color: #000000\">Las resistencias se utilizan normalmente en aplicaciones que requieren electricidad para cambiar a una forma diferente con el fin de ser utilizadas. Por ejemplo, las resistencias se utilizan con transductores para convertir las se\u00f1ales el\u00e9ctricas en sonido. Sin embargo, las resistencias de potencia se utilizan con mayor frecuencia para regular la propia potencia y limitar la cantidad de energ\u00eda que puede pasar en los circuitos digitales o en los peque\u00f1os motores para que la corriente no da\u00f1e los componentes el\u00e9ctricos.<\/span><\/p>\n","protected":false},"excerpt":{"rendered":"<p style=\"text-align: justify\"><span style=\"color: #000000\">Una resistencia de alambre bobinado es una resistencia fabricada con una alambre conductor de una\u00a0<a style=\"color: #000000\" title=\"Resistencia especifica \/ resistividad\" href=\"http:\/\/unicrom.com\/Tut_resistividad.asp\">resistividad <\/a>alta. Este alambre es de una aleaci\u00f3n especial y est\u00e1 arrollado sobre un soporte de un tubo de material refractario como la cer\u00e1mica, porcelana, etc<\/span>.<\/p>\n","protected":false},"featured_media":1240,"comment_status":"closed","ping_status":"closed","template":"","meta":{"_lmt_disableupdate":"no","_lmt_disable":""},"product_brand":[],"product_cat":[176],"product_tag":[],"class_list":{"0":"post-3584","1":"product","2":"type-product","3":"status-publish","4":"has-post-thumbnail","6":"product_cat-5w","8":"first","9":"instock","10":"taxable","11":"shipping-taxable","12":"purchasable","13":"product-type-simple"},"_links":{"self":[{"href":"https:\/\/itv.geekbotelectronics.com\/index.php\/wp-json\/wp\/v2\/product\/3584"}],"collection":[{"href":"https:\/\/itv.geekbotelectronics.com\/index.php\/wp-json\/wp\/v2\/product"}],"about":[{"href":"https:\/\/itv.geekbotelectronics.com\/index.php\/wp-json\/wp\/v2\/types\/product"}],"replies":[{"embeddable":true,"href":"https:\/\/itv.geekbotelectronics.com\/index.php\/wp-json\/wp\/v2\/comments?post=3584"}],"wp:featuredmedia":[{"embeddable":true,"href":"https:\/\/itv.geekbotelectronics.com\/index.php\/wp-json\/wp\/v2\/media\/1240"}],"wp:attachment":[{"href":"https:\/\/itv.geekbotelectronics.com\/index.php\/wp-json\/wp\/v2\/media?parent=3584"}],"wp:term":[{"taxonomy":"product_brand","embeddable":true,"href":"https:\/\/itv.geekbotelectronics.com\/index.php\/wp-json\/wp\/v2\/product_brand?post=3584"},{"taxonomy":"product_cat","embeddable":true,"href":"https:\/\/itv.geekbotelectronics.com\/index.php\/wp-json\/wp\/v2\/product_cat?post=3584"},{"taxonomy":"product_tag","embeddable":true,"href":"https:\/\/itv.geekbotelectronics.com\/index.php\/wp-json\/wp\/v2\/product_tag?post=3584"}],"curies":[{"name":"wp","href":"https:\/\/api.w.org\/{rel}","templated":true}]}}