{"id":3680,"date":"2022-09-05T22:12:40","date_gmt":"2022-09-06T04:12:40","guid":{"rendered":"https:\/\/itv.geekbotelectronics.com\/?post_type=product&#038;p=3680"},"modified":"2025-05-23T11:17:35","modified_gmt":"2025-05-23T17:17:35","slug":"modulo-sensor-mq-2-gas-inflamable","status":"publish","type":"product","link":"https:\/\/itv.geekbotelectronics.com\/index.php\/product\/modulo-sensor-mq-2-gas-inflamable\/","title":{"rendered":"M\u00f3dulo Sensor MQ-2 Gas Inflamable"},"content":{"rendered":"<h4>MQ-2 M\u00f3dulo Sensor de Gas Inflamable<\/h4>\n<p>El sensor MQ-2 es sensible a LPG, i-butano, propano, metano, alcohol, hidrogeno y humo.<\/p>\n<p>Se utiliza en la detecci\u00f3n de fugas de gas de equipos en los mercados de consumo y la industria, este sensor es adecuado para la detecci\u00f3n de gas LP, i-butano, propano, metano, alcohol, hidr\u00f3geno, tiene una alta sensibilidad, un tiempo de respuesta r\u00e1pido \u00a0Y dicha sensibilidad puede ser ajustada por el potenci\u00f3metro.<\/p>\n<p>Este peque\u00f1o sensor de gas detecta la presencia de gas combustible y humo en concentraciones de 300 a 10.000 ppm. Incorpora una sencilla interfaz de tensi\u00f3n anal\u00f3gica que \u00fanicamente requiere un pin de entrada anal\u00f3gica del microcontrolador. Con la conexi\u00f3n de cinco voltios en los pines el sensor se mantiene lo suficientemente caliente para que funcione correctamente. Solo tiene que conectar 5V a cualquiera de los pines (A o B) para que el sensor emita tensi\u00f3n. La sensibilidad del detector se ajusta con una carga resistiva entre los pines de salida y tierra.<\/p>\n<p>Caracter\u00edsticas:<\/p>\n<ul>\n<li>Voltaje de Operaci\u00f3n: 5V DC<\/li>\n<li>Respuesta r\u00e1pida y alta sensibilidad<\/li>\n<li>Rango de detecci\u00f3n: 300 a 10000 ppm<\/li>\n<li>Gas caracter\u00edstico: 1000ppm, Isobutano<\/li>\n<li>Resistencia de sensado: 1K\u03a9 50ppm Tolueno a 20K\u03a9 in<\/li>\n<li>Tiempo de Respuesta: \u2264 10s<\/li>\n<li>Tiempo de recuperaci\u00f3n: \u2264 30s<\/li>\n<li>Temperatura de trabajo: -20 \u2103 ~ +55 \u2103<\/li>\n<li>Humedad: \u2264 95% RH<\/li>\n<li>Contenido de oxigeno ambiental: 21%<\/li>\n<li>Consume menos de 150mA a 5V.<\/li>\n<\/ul>\n<p>&nbsp;<\/p>\n<p><a href=\"http:\/\/www.geekbotelectronics.com\/wp-content\/uploads\/2016\/04\/MQ2.pdf\">DataSheet<\/a><\/p>\n","protected":false},"excerpt":{"rendered":"<p>MQ-2 M\u00f3dulo Sensor de Gas Inflamable El sensor MQ-2 es sensible a LPG, i-butano, propano, metano, alcohol, hidrogeno y humo. Se utiliza en la detecci\u00f3n de fugas de gas de equipos en los mercados de consumo y la industria, este sensor es adecuado para la detecci\u00f3n de gas LP, i-butano, propano, metano, alcohol, hidr\u00f3geno, tiene [&hellip;]<\/p>\n","protected":false},"featured_media":1345,"comment_status":"open","ping_status":"closed","template":"","meta":{"_lmt_disableupdate":"no","_lmt_disable":""},"product_brand":[],"product_cat":[68],"product_tag":[],"class_list":{"0":"post-3680","1":"product","2":"type-product","3":"status-publish","4":"has-post-thumbnail","6":"product_cat-ambientales","8":"first","9":"outofstock","10":"taxable","11":"shipping-taxable","12":"purchasable","13":"product-type-simple"},"_links":{"self":[{"href":"https:\/\/itv.geekbotelectronics.com\/index.php\/wp-json\/wp\/v2\/product\/3680"}],"collection":[{"href":"https:\/\/itv.geekbotelectronics.com\/index.php\/wp-json\/wp\/v2\/product"}],"about":[{"href":"https:\/\/itv.geekbotelectronics.com\/index.php\/wp-json\/wp\/v2\/types\/product"}],"replies":[{"embeddable":true,"href":"https:\/\/itv.geekbotelectronics.com\/index.php\/wp-json\/wp\/v2\/comments?post=3680"}],"wp:featuredmedia":[{"embeddable":true,"href":"https:\/\/itv.geekbotelectronics.com\/index.php\/wp-json\/wp\/v2\/media\/1345"}],"wp:attachment":[{"href":"https:\/\/itv.geekbotelectronics.com\/index.php\/wp-json\/wp\/v2\/media?parent=3680"}],"wp:term":[{"taxonomy":"product_brand","embeddable":true,"href":"https:\/\/itv.geekbotelectronics.com\/index.php\/wp-json\/wp\/v2\/product_brand?post=3680"},{"taxonomy":"product_cat","embeddable":true,"href":"https:\/\/itv.geekbotelectronics.com\/index.php\/wp-json\/wp\/v2\/product_cat?post=3680"},{"taxonomy":"product_tag","embeddable":true,"href":"https:\/\/itv.geekbotelectronics.com\/index.php\/wp-json\/wp\/v2\/product_tag?post=3680"}],"curies":[{"name":"wp","href":"https:\/\/api.w.org\/{rel}","templated":true}]}}