{"id":3731,"date":"2022-09-05T22:12:55","date_gmt":"2022-09-06T04:12:55","guid":{"rendered":"https:\/\/itv.geekbotelectronics.com\/?post_type=product&#038;p=3731"},"modified":"2025-11-11T15:16:55","modified_gmt":"2025-11-11T21:16:55","slug":"74hc14-inversor-schmitt-trigger","status":"publish","type":"product","link":"https:\/\/itv.geekbotelectronics.com\/index.php\/product\/74hc14-inversor-schmitt-trigger\/","title":{"rendered":"74HC14 Inversor Schmitt Trigger"},"content":{"rendered":"<h4><span style=\"color: #000000\">74HC14<\/span><\/h4>\n<p><span style=\"color: #000000\">Circuito integrado CMOS 74HC14. Seis inversores Schmitt trigger. <span id=\"result_box\" class=\"\" lang=\"es\"><span class=\"\">El<\/span> <span class=\"\">74HC14<\/span>\u00a0realiza la funci\u00f3n booleana Y = A en l\u00f3gica positiva.<\/span><\/span><\/p>\n<p><span style=\"color: #000000\">Una puerta l\u00f3gica, o compuerta l\u00f3gica, es un <a class=\"mw-redirect\" style=\"color: #000000\" title=\"Dispositivo electr\u00f3nico\" href=\"https:\/\/es.wikipedia.org\/wiki\/Dispositivo_electr%C3%B3nico\">dispositivo electr\u00f3nico<\/a> con una funci\u00f3n <a style=\"color: #000000\" title=\"\u00c1lgebra de Boole\" href=\"https:\/\/es.wikipedia.org\/wiki\/%C3%81lgebra_de_Boole\">booleana<\/a>. Suman, multiplican, niegan o afirman, incluyen o excluyen seg\u00fan sus propiedades l\u00f3gicas. Se pueden aplicar a tecnolog\u00eda electr\u00f3nica, el\u00e9ctrica, mec\u00e1nica, hidr\u00e1ulica y neum\u00e1tica. Son <a style=\"color: #000000\" title=\"Circuito de conmutaci\u00f3n\" href=\"https:\/\/es.wikipedia.org\/wiki\/Circuito_de_conmutaci%C3%B3n\">circuitos de conmutaci\u00f3n<\/a> integrados en un <a class=\"mw-redirect\" style=\"color: #000000\" title=\"Chip\" href=\"https:\/\/es.wikipedia.org\/wiki\/Chip\">chip<\/a>.<\/span><\/p>\n<p><span style=\"color: #000000\"><strong>Caracter\u00edsticas<\/strong><\/span><\/p>\n<ul>\n<li><span id=\"result_box\" style=\"color: #000000\">INVERTER HEX, Schmitt Trigger SOIC14<\/span><\/li>\n<li><span id=\"result_box\" style=\"color: #000000\">Circuito CMOS<br \/>\n<\/span><\/li>\n<li><span id=\"result_box\" style=\"color: #000000\">Tipo l\u00f3gico: Inversores Schmitt Trigger<\/span><\/li>\n<li><span id=\"result_box\" style=\"color: #000000\">Salida de corriente: 5.2 mA<\/span><\/li>\n<li><span id=\"result_box\" style=\"color: #000000\">N \u00ba de entradas: 1<\/span><\/li>\n<li><span id=\"result_box\" style=\"color: #000000\">Tipo de montaje: 2 V a 6 V<\/span><\/li>\n<li><span id=\"result_box\" style=\"color: #000000\">Rango de temperatura de funcionamiento: -40 \u00b0 C a +125 \u00b0 C<\/span><\/li>\n<li><span id=\"result_box\" class=\"\" lang=\"es\" style=\"color: #000000\">Las salidas se pueden controlar hasta 10 cargas LSTTL<\/span><\/li>\n<li><span id=\"result_box\" class=\"\" lang=\"es\" style=\"color: #000000\">Aplicaciones:\u00a0 Electr\u00f3nica de Consumo; Administraci\u00f3n de Potencia; De control de motor<\/span><\/li>\n<li><span id=\"result_box\" class=\"\" lang=\"es\" style=\"color: #000000\">Disipaci\u00f3n de baja potencia<\/span><\/li>\n<li><span id=\"result_box\" class=\"\" lang=\"es\" style=\"color: #000000\">HBM JESD22-A114F excede 2000 V<\/span><\/li>\n<li><span id=\"result_box\" class=\"\" lang=\"es\" style=\"color: #000000\">MM JESD22-A115-A excede 200 V<\/span><\/li>\n<li><span style=\"color: #000000\">Encapsulado SOIC<\/span><\/li>\n<li><span style=\"color: #000000\">14 pines<\/span><\/li>\n<\/ul>\n","protected":false},"excerpt":{"rendered":"<p>74HC14 Circuito integrado CMOS 74HC14. Seis inversores Schmitt trigger. El 74HC14\u00a0realiza la funci\u00f3n booleana Y = A en l\u00f3gica positiva. Una puerta l\u00f3gica, o compuerta l\u00f3gica, es un dispositivo electr\u00f3nico con una funci\u00f3n booleana. Suman, multiplican, niegan o afirman, incluyen o excluyen seg\u00fan sus propiedades l\u00f3gicas. Se pueden aplicar a tecnolog\u00eda electr\u00f3nica, el\u00e9ctrica, mec\u00e1nica, hidr\u00e1ulica [&hellip;]<\/p>\n","protected":false},"featured_media":1442,"comment_status":"closed","ping_status":"closed","template":"","meta":{"_lmt_disableupdate":"","_lmt_disable":""},"product_brand":[],"product_cat":[80],"product_tag":[],"class_list":{"0":"post-3731","1":"product","2":"type-product","3":"status-publish","4":"has-post-thumbnail","6":"product_cat-compuertas-logicas","8":"first","9":"instock","10":"taxable","11":"shipping-taxable","12":"purchasable","13":"product-type-simple"},"_links":{"self":[{"href":"https:\/\/itv.geekbotelectronics.com\/index.php\/wp-json\/wp\/v2\/product\/3731"}],"collection":[{"href":"https:\/\/itv.geekbotelectronics.com\/index.php\/wp-json\/wp\/v2\/product"}],"about":[{"href":"https:\/\/itv.geekbotelectronics.com\/index.php\/wp-json\/wp\/v2\/types\/product"}],"replies":[{"embeddable":true,"href":"https:\/\/itv.geekbotelectronics.com\/index.php\/wp-json\/wp\/v2\/comments?post=3731"}],"wp:featuredmedia":[{"embeddable":true,"href":"https:\/\/itv.geekbotelectronics.com\/index.php\/wp-json\/wp\/v2\/media\/1442"}],"wp:attachment":[{"href":"https:\/\/itv.geekbotelectronics.com\/index.php\/wp-json\/wp\/v2\/media?parent=3731"}],"wp:term":[{"taxonomy":"product_brand","embeddable":true,"href":"https:\/\/itv.geekbotelectronics.com\/index.php\/wp-json\/wp\/v2\/product_brand?post=3731"},{"taxonomy":"product_cat","embeddable":true,"href":"https:\/\/itv.geekbotelectronics.com\/index.php\/wp-json\/wp\/v2\/product_cat?post=3731"},{"taxonomy":"product_tag","embeddable":true,"href":"https:\/\/itv.geekbotelectronics.com\/index.php\/wp-json\/wp\/v2\/product_tag?post=3731"}],"curies":[{"name":"wp","href":"https:\/\/api.w.org\/{rel}","templated":true}]}}