{"id":3759,"date":"2022-09-05T22:13:03","date_gmt":"2022-09-06T04:13:03","guid":{"rendered":"https:\/\/itv.geekbotelectronics.com\/?post_type=product&#038;p=3759"},"modified":"2025-10-16T15:01:16","modified_gmt":"2025-10-16T21:01:16","slug":"cd4069-inversor-hexagonal","status":"publish","type":"product","link":"https:\/\/itv.geekbotelectronics.com\/index.php\/product\/cd4069-inversor-hexagonal\/","title":{"rendered":"CD4069 Inversor Hexagonal"},"content":{"rendered":"<h4>CD4069 Inversor Hexagonal<\/h4>\n<p>Circuito integrado CMOS CD4069. Seis inversores de alto voltaje.\u00a0 <span id=\"result_box\" class=\"\" lang=\"es\"><span class=\"\">El<\/span> CD4069 es un inversor CMOS hexagonal en el encapsulado DIP de 14 pines. <span class=\"\">Se compone de<\/span> seis circuitos CMOS inversor. El CD4069UBE est\u00e1 destinado a <span class=\"\">todas las aplicaciones<\/span> del inversor de prop\u00f3sito general donde no se requieren <span class=\"\">capacidades de conversi\u00f3n<\/span> de unidad TTL potencia media y de nivel l\u00f3gico. Las aplicaciones t\u00edpicas incluyen <span class=\"\">la inversi\u00f3n de<\/span> la l\u00f3gica, la formaci\u00f3n de impulsos, osciladores y amplificadores de alta impedancia de entrada.<\/span><\/p>\n<h5>Especificaciones<\/h5>\n<ul>\n<li>INVERSOR HEX, DIP-14<\/li>\n<li>CMOS<\/li>\n<li>Tipo l\u00f3gico: Inversor<\/li>\n<li>Salida de corriente: 6.8 mA<\/li>\n<li>N \u00ba de entradas: 1<\/li>\n<li>Voltaje: 3 V a 18 V<\/li>\n<li>Rango de temperatura de funcionamiento: -55 \u00b0 C a +125 \u00b0 C<\/li>\n<li>Tipo de Familia: CD4000B<\/li>\n<li>Antiest\u00e1tico: No tocar con los dedos, usar pulsera antiest\u00e1tica<\/li>\n<li>Encapsulado DIP<\/li>\n<li>14 pines<\/li>\n<\/ul>\n","protected":false},"excerpt":{"rendered":"<p>CD4069 Inversor Hexagonal Circuito integrado CMOS CD4069. Seis inversores de alto voltaje.\u00a0 El CD4069 es un inversor CMOS hexagonal en el encapsulado DIP de 14 pines. Se compone de seis circuitos CMOS inversor. El CD4069UBE est\u00e1 destinado a todas las aplicaciones del inversor de prop\u00f3sito general donde no se requieren capacidades de conversi\u00f3n de unidad [&hellip;]<\/p>\n","protected":false},"featured_media":1493,"comment_status":"closed","ping_status":"closed","template":"","meta":{"_lmt_disableupdate":"no","_lmt_disable":""},"product_brand":[],"product_cat":[80],"product_tag":[],"class_list":{"0":"post-3759","1":"product","2":"type-product","3":"status-publish","4":"has-post-thumbnail","6":"product_cat-compuertas-logicas","8":"first","9":"instock","10":"taxable","11":"shipping-taxable","12":"purchasable","13":"product-type-simple"},"_links":{"self":[{"href":"https:\/\/itv.geekbotelectronics.com\/index.php\/wp-json\/wp\/v2\/product\/3759"}],"collection":[{"href":"https:\/\/itv.geekbotelectronics.com\/index.php\/wp-json\/wp\/v2\/product"}],"about":[{"href":"https:\/\/itv.geekbotelectronics.com\/index.php\/wp-json\/wp\/v2\/types\/product"}],"replies":[{"embeddable":true,"href":"https:\/\/itv.geekbotelectronics.com\/index.php\/wp-json\/wp\/v2\/comments?post=3759"}],"wp:featuredmedia":[{"embeddable":true,"href":"https:\/\/itv.geekbotelectronics.com\/index.php\/wp-json\/wp\/v2\/media\/1493"}],"wp:attachment":[{"href":"https:\/\/itv.geekbotelectronics.com\/index.php\/wp-json\/wp\/v2\/media?parent=3759"}],"wp:term":[{"taxonomy":"product_brand","embeddable":true,"href":"https:\/\/itv.geekbotelectronics.com\/index.php\/wp-json\/wp\/v2\/product_brand?post=3759"},{"taxonomy":"product_cat","embeddable":true,"href":"https:\/\/itv.geekbotelectronics.com\/index.php\/wp-json\/wp\/v2\/product_cat?post=3759"},{"taxonomy":"product_tag","embeddable":true,"href":"https:\/\/itv.geekbotelectronics.com\/index.php\/wp-json\/wp\/v2\/product_tag?post=3759"}],"curies":[{"name":"wp","href":"https:\/\/api.w.org\/{rel}","templated":true}]}}