{"id":3760,"date":"2022-09-05T22:13:03","date_gmt":"2022-09-06T04:13:03","guid":{"rendered":"https:\/\/itv.geekbotelectronics.com\/?post_type=product&#038;p=3760"},"modified":"2024-11-04T14:40:50","modified_gmt":"2024-11-04T20:40:50","slug":"cd4070-cuatro-compuertas-xor-de-2-entradas","status":"publish","type":"product","link":"https:\/\/itv.geekbotelectronics.com\/index.php\/product\/cd4070-cuatro-compuertas-xor-de-2-entradas\/","title":{"rendered":"CD4070 Cuatro Compuertas XOR de 2 Entradas"},"content":{"rendered":"<h4>CD4070 Cuatro Compuertas XOR de 2 Entradas<\/h4>\n<h5>Descripci\u00f3n<\/h5>\n<div>Circuito integrado CMOS CD4070. Cuatro compuertas OR exclusivas de 2 entradas.<\/div>\n<h5>Especificaciones<\/h5>\n<ul>\n<li>Tipo: CMOS<\/li>\n<li>Antiest\u00e1tica: Usar pulsera antiest\u00e1tica, no tocar con los dedos<\/li>\n<li>Tipo l\u00f3gico: Puerta XOR<\/li>\n<li>Salida de corriente: 6.8 mA<\/li>\n<li>N \u00ba de Entradas: 2<\/li>\n<li>Voltaje: 3 V a 18 V<\/li>\n<li>Rango de temperatura de funcionamiento: -55 \u00b0 C a +125 \u00b0 C<\/li>\n<li>Tipo de Familia: CD4000B<\/li>\n<li>Encapsulado DIP<\/li>\n<li>14 pines<\/li>\n<\/ul>\n","protected":false},"excerpt":{"rendered":"<p>CD4070 Cuatro Compuertas XOR de 2 Entradas Descripci\u00f3n Circuito integrado CMOS CD4070. Cuatro compuertas OR exclusivas de 2 entradas. Especificaciones Tipo: CMOS Antiest\u00e1tica: Usar pulsera antiest\u00e1tica, no tocar con los dedos Tipo l\u00f3gico: Puerta XOR Salida de corriente: 6.8 mA N \u00ba de Entradas: 2 Voltaje: 3 V a 18 V Rango de temperatura de [&hellip;]<\/p>\n","protected":false},"featured_media":1494,"comment_status":"closed","ping_status":"closed","template":"","meta":{"_lmt_disableupdate":"","_lmt_disable":""},"product_brand":[],"product_cat":[80],"product_tag":[],"class_list":{"0":"post-3760","1":"product","2":"type-product","3":"status-publish","4":"has-post-thumbnail","6":"product_cat-compuertas-logicas","8":"first","9":"instock","10":"taxable","11":"shipping-taxable","12":"purchasable","13":"product-type-simple"},"_links":{"self":[{"href":"https:\/\/itv.geekbotelectronics.com\/index.php\/wp-json\/wp\/v2\/product\/3760"}],"collection":[{"href":"https:\/\/itv.geekbotelectronics.com\/index.php\/wp-json\/wp\/v2\/product"}],"about":[{"href":"https:\/\/itv.geekbotelectronics.com\/index.php\/wp-json\/wp\/v2\/types\/product"}],"replies":[{"embeddable":true,"href":"https:\/\/itv.geekbotelectronics.com\/index.php\/wp-json\/wp\/v2\/comments?post=3760"}],"wp:featuredmedia":[{"embeddable":true,"href":"https:\/\/itv.geekbotelectronics.com\/index.php\/wp-json\/wp\/v2\/media\/1494"}],"wp:attachment":[{"href":"https:\/\/itv.geekbotelectronics.com\/index.php\/wp-json\/wp\/v2\/media?parent=3760"}],"wp:term":[{"taxonomy":"product_brand","embeddable":true,"href":"https:\/\/itv.geekbotelectronics.com\/index.php\/wp-json\/wp\/v2\/product_brand?post=3760"},{"taxonomy":"product_cat","embeddable":true,"href":"https:\/\/itv.geekbotelectronics.com\/index.php\/wp-json\/wp\/v2\/product_cat?post=3760"},{"taxonomy":"product_tag","embeddable":true,"href":"https:\/\/itv.geekbotelectronics.com\/index.php\/wp-json\/wp\/v2\/product_tag?post=3760"}],"curies":[{"name":"wp","href":"https:\/\/api.w.org\/{rel}","templated":true}]}}