{"id":3762,"date":"2022-09-05T22:13:03","date_gmt":"2022-09-06T04:13:03","guid":{"rendered":"https:\/\/itv.geekbotelectronics.com\/?post_type=product&#038;p=3762"},"modified":"2023-09-08T17:14:47","modified_gmt":"2023-09-08T23:14:47","slug":"ht12e-codificador-de-control-remoto","status":"publish","type":"product","link":"https:\/\/itv.geekbotelectronics.com\/index.php\/product\/ht12e-codificador-de-control-remoto\/","title":{"rendered":"HT12E Codificador de Control Remoto"},"content":{"rendered":"<h4>HT12E Codificador de Control Remoto<\/h4>\n<p><span style=\"color: #000000;\">Descripci\u00f3n<\/span><\/p>\n<p><span style=\"color: #000000;\">El Circuito integrado HT12E es un codificador (encoder) serial de datos para aplicaciones de control remoto. Este circuito es especialmente util para ensamblar dispositivos transmisores de control remoto que usan canales de RF o medios infrarrojos como medio de transmisi\u00f3n. El circuito codifica 4 bits de datos y 8 bits de direcci\u00f3n en un flujo de datos que es transmitido en forma serial a trav\u00e9s de un m\u00f3dulo de radio frecuencia o se\u00f1ales infrarrojas.<\/span><\/p>\n<p><span style=\"color: #000000;\">Caracter\u00edsticas del HT12E:<\/span><\/p>\n<ul>\n<li><span style=\"color: #000000;\">Voltaje de operaci\u00f3n 2.4 a 12V<\/span><\/li>\n<li><span style=\"color: #000000;\">Bajo consumo de corriente en Standby<\/span><\/li>\n<li><span style=\"color: #000000;\">Capaz de codificar 12 bits de informaci\u00f3n<\/span><\/li>\n<li><span style=\"color: #000000;\">Ajuste de direcci\u00f3n binaria<\/span><\/li>\n<li><span style=\"color: #000000;\">Codifica 8 bits de direcci\u00f3n y 4 bits de datos<\/span><\/li>\n<li><span style=\"color: #000000;\">Oscilador integrado que solor equiere un resistor de 5% de tolerancia<\/span><\/li>\n<li><span style=\"color: #000000;\">Pin de salida de recepc\u00f3n v\u00e1lida<\/span><\/li>\n<\/ul>\n<p><span style=\"color: #000000;\">Aplicaciones<\/span><\/p>\n<ul>\n<li><span style=\"color: #000000;\">Sistemas de seguridad domesticos<\/span><\/li>\n<li><span style=\"color: #000000;\">Alarmas de fuego y humo<\/span><\/li>\n<li><span style=\"color: #000000;\">Puertas de garage autom\u00e1ticas<\/span><\/li>\n<li><span style=\"color: #000000;\">Alarmas y controles automotrices<\/span><\/li>\n<li><span style=\"color: #000000;\">Sistemas de control remoto en general<\/span><\/li>\n<\/ul>\n","protected":false},"excerpt":{"rendered":"<p>HT12E Codificador de Control Remoto Descripci\u00f3n El Circuito integrado HT12E es un codificador (encoder) serial de datos para aplicaciones de control remoto. Este circuito es especialmente util para ensamblar dispositivos transmisores de control remoto que usan canales de RF o medios infrarrojos como medio de transmisi\u00f3n. El circuito codifica 4 bits de datos y 8 [&hellip;]<\/p>\n","protected":false},"featured_media":1496,"comment_status":"closed","ping_status":"closed","template":"","meta":{"_lmt_disableupdate":"","_lmt_disable":""},"product_brand":[],"product_cat":[81],"product_tag":[],"class_list":{"0":"post-3762","1":"product","2":"type-product","3":"status-publish","4":"has-post-thumbnail","6":"product_cat-codificadores-decodificadores-demultiplexores-y-multiplexores","8":"first","9":"instock","10":"taxable","11":"shipping-taxable","12":"purchasable","13":"product-type-simple"},"_links":{"self":[{"href":"https:\/\/itv.geekbotelectronics.com\/index.php\/wp-json\/wp\/v2\/product\/3762"}],"collection":[{"href":"https:\/\/itv.geekbotelectronics.com\/index.php\/wp-json\/wp\/v2\/product"}],"about":[{"href":"https:\/\/itv.geekbotelectronics.com\/index.php\/wp-json\/wp\/v2\/types\/product"}],"replies":[{"embeddable":true,"href":"https:\/\/itv.geekbotelectronics.com\/index.php\/wp-json\/wp\/v2\/comments?post=3762"}],"wp:featuredmedia":[{"embeddable":true,"href":"https:\/\/itv.geekbotelectronics.com\/index.php\/wp-json\/wp\/v2\/media\/1496"}],"wp:attachment":[{"href":"https:\/\/itv.geekbotelectronics.com\/index.php\/wp-json\/wp\/v2\/media?parent=3762"}],"wp:term":[{"taxonomy":"product_brand","embeddable":true,"href":"https:\/\/itv.geekbotelectronics.com\/index.php\/wp-json\/wp\/v2\/product_brand?post=3762"},{"taxonomy":"product_cat","embeddable":true,"href":"https:\/\/itv.geekbotelectronics.com\/index.php\/wp-json\/wp\/v2\/product_cat?post=3762"},{"taxonomy":"product_tag","embeddable":true,"href":"https:\/\/itv.geekbotelectronics.com\/index.php\/wp-json\/wp\/v2\/product_tag?post=3762"}],"curies":[{"name":"wp","href":"https:\/\/api.w.org\/{rel}","templated":true}]}}