{"id":3800,"date":"2022-09-05T22:13:13","date_gmt":"2022-09-06T04:13:13","guid":{"rendered":"https:\/\/itv.geekbotelectronics.com\/?post_type=product&#038;p=3800"},"modified":"2023-12-04T10:31:25","modified_gmt":"2023-12-04T16:31:25","slug":"conector-db25-jack-para-extension","status":"publish","type":"product","link":"https:\/\/itv.geekbotelectronics.com\/index.php\/product\/conector-db25-jack-para-extension\/","title":{"rendered":"Conector DB25 Jack para Extensi\u00f3n"},"content":{"rendered":"<h4>DB25<\/h4>\n<div align=\"justify\">\n<p>El conector DB25 es un conector anal\u00f3gico de 25\u00a0clavijas de la familia de conectores D-Subminiature (D-Sub o Sub-D). El conector DB25 se utiliza principalmente para conexiones en serie, ya que permite una transmisi\u00f3n as\u00edncrona de datos seg\u00fan lo establecido en la norma RS-232 (RS-232C). Conector hembra (jack) DB25 con pines para soldar al cable y hacer una extensi\u00f3n de datos.<\/p>\n<\/div>\n<p><strong>Especificaciones<\/strong><\/p>\n<ul>\n<li>\n<ul>\n<li>G\u00e9nero: Jack (Hembra)<\/li>\n<li>N\u00famero de pines: 25\u00a0Pines<\/li>\n<li>Tipo: DB25<\/li>\n<li>Para Soldar<\/li>\n<li>Para hacer extensi\u00f3n<\/li>\n<li>Met\u00e1lico<\/li>\n<li>Modelo:\n<ul>\n<li>XC-102<\/li>\n<li>DS-25S<\/li>\n<li>500-109<\/li>\n<\/ul>\n<\/li>\n<\/ul>\n<\/li>\n<\/ul>\n","protected":false},"excerpt":{"rendered":"<p>DB25 El conector DB25 es un conector anal\u00f3gico de 25\u00a0clavijas de la familia de conectores D-Subminiature (D-Sub o Sub-D). El conector DB25 se utiliza principalmente para conexiones en serie, ya que permite una transmisi\u00f3n as\u00edncrona de datos seg\u00fan lo establecido en la norma RS-232 (RS-232C). Conector hembra (jack) DB25 con pines para soldar al cable [&hellip;]<\/p>\n","protected":false},"featured_media":1539,"comment_status":"closed","ping_status":"closed","template":"","meta":{"_lmt_disableupdate":"no","_lmt_disable":""},"product_brand":[],"product_cat":[153],"product_tag":[],"class_list":{"0":"post-3800","1":"product","2":"type-product","3":"status-publish","4":"has-post-thumbnail","6":"product_cat-conector-db","8":"first","9":"instock","10":"taxable","11":"shipping-taxable","12":"purchasable","13":"product-type-simple"},"_links":{"self":[{"href":"https:\/\/itv.geekbotelectronics.com\/index.php\/wp-json\/wp\/v2\/product\/3800"}],"collection":[{"href":"https:\/\/itv.geekbotelectronics.com\/index.php\/wp-json\/wp\/v2\/product"}],"about":[{"href":"https:\/\/itv.geekbotelectronics.com\/index.php\/wp-json\/wp\/v2\/types\/product"}],"replies":[{"embeddable":true,"href":"https:\/\/itv.geekbotelectronics.com\/index.php\/wp-json\/wp\/v2\/comments?post=3800"}],"wp:featuredmedia":[{"embeddable":true,"href":"https:\/\/itv.geekbotelectronics.com\/index.php\/wp-json\/wp\/v2\/media\/1539"}],"wp:attachment":[{"href":"https:\/\/itv.geekbotelectronics.com\/index.php\/wp-json\/wp\/v2\/media?parent=3800"}],"wp:term":[{"taxonomy":"product_brand","embeddable":true,"href":"https:\/\/itv.geekbotelectronics.com\/index.php\/wp-json\/wp\/v2\/product_brand?post=3800"},{"taxonomy":"product_cat","embeddable":true,"href":"https:\/\/itv.geekbotelectronics.com\/index.php\/wp-json\/wp\/v2\/product_cat?post=3800"},{"taxonomy":"product_tag","embeddable":true,"href":"https:\/\/itv.geekbotelectronics.com\/index.php\/wp-json\/wp\/v2\/product_tag?post=3800"}],"curies":[{"name":"wp","href":"https:\/\/api.w.org\/{rel}","templated":true}]}}