{"id":3836,"date":"2022-09-05T22:13:24","date_gmt":"2022-09-06T04:13:24","guid":{"rendered":"https:\/\/itv.geekbotelectronics.com\/?post_type=product&#038;p=3836"},"modified":"2023-10-18T17:34:29","modified_gmt":"2023-10-18T23:34:29","slug":"kit-de-brocas-para-pcb","status":"publish","type":"product","link":"https:\/\/itv.geekbotelectronics.com\/index.php\/product\/kit-de-brocas-para-pcb\/","title":{"rendered":"Kit de Brocas para PCB"},"content":{"rendered":"<h4><span style=\"color: #000000\">Kit de Brocas para PCB<\/span><\/h4>\n<p><span style=\"color: #000000\">Kit de brocas de alta calidad fabricadas en carburo de tungsteno, ideales para routers, dremel, CNC, etc.<\/span><\/p>\n<p><span style=\"color: #000000\">Las mini brocas pueden ser usadas para perforar PCBs de baquelita,\u00a0en dremel, moto tool o <a class=\"mw-redirect\" style=\"color: #000000\" title=\"Taladro\" href=\"https:\/\/es.wikipedia.org\/wiki\/Taladro\">taladro<\/a> flexible.<\/span><\/p>\n<p><span style=\"color: #000000\">Tambi\u00e9n son perfectas para trabajar en metales como: aluminio, cobre, lat\u00f3n; ademas de madera, pl\u00e1stico, vidrio, cer\u00e1mica y cualquier otro tipo de piedras. <\/span><\/p>\n<p><span style=\"color: #000000\">Puede ser usado para moldear o agujerear cualquier tipo de metal o material duro.\u00a0Sirve para trabajos de electr\u00f3nica, modelismo o trabajos de detalles.<\/span><\/p>\n<p><span style=\"color: #000000\"><strong>Especificaciones:<\/strong><\/span><\/p>\n<ul>\n<li><span style=\"color: #000000\">Cantidad: 10 piezas.<\/span><\/li>\n<li><span style=\"color: #000000\">Material: Carburo de tungsteno.<\/span><\/li>\n<li><span style=\"color: #000000\">Di\u00e1metro del v\u00e1stago: 3.175 mm<\/span><\/li>\n<li><span style=\"color: #000000\">Longitud total : 38 mm<\/span><\/li>\n<li><span style=\"color: #000000\">Pueden operar a 30,000 rpm<\/span><\/li>\n<\/ul>\n<p><span style=\"color: #000000\"><strong>Incluye:<\/strong><\/span><\/p>\n<ul>\n<li><span style=\"color: #000000\">1 Broca de 0.3mm<\/span><\/li>\n<li><span style=\"color: #000000\">1 Broca de 0.4mm<\/span><\/li>\n<li><span style=\"color: #000000\">1 Broca de 0.5mm<\/span><\/li>\n<li><span style=\"color: #000000\">1 Broca de 0.6mm<\/span><\/li>\n<li><span style=\"color: #000000\">1 Broca de 0.7mm<\/span><\/li>\n<li><span style=\"color: #000000\">1 Broca de 0.8mm<\/span><\/li>\n<li><span style=\"color: #000000\">1 Broca de 0.9mm<\/span><\/li>\n<li><span style=\"color: #000000\">1 Broca de 1.0mm<\/span><\/li>\n<li><span style=\"color: #000000\">1 Broca de 1.1mm<\/span><\/li>\n<li><span style=\"color: #000000\">1 Broca de 1.2mm<\/span><\/li>\n<li><span style=\"color: #000000\">Caja de pl\u00e1stico para su resguardo.<\/span><\/li>\n<\/ul>\n","protected":false},"excerpt":{"rendered":"<p>Kit de Brocas para PCB Kit de brocas de alta calidad fabricadas en carburo de tungsteno, ideales para routers, dremel, CNC, etc. Las mini brocas pueden ser usadas para perforar PCBs de baquelita,\u00a0en dremel, moto tool o taladro flexible. Tambi\u00e9n son perfectas para trabajar en metales como: aluminio, cobre, lat\u00f3n; ademas de madera, pl\u00e1stico, vidrio, [&hellip;]<\/p>\n","protected":false},"featured_media":1595,"comment_status":"closed","ping_status":"closed","template":"","meta":{"_lmt_disableupdate":"no","_lmt_disable":""},"product_brand":[],"product_cat":[144],"product_tag":[],"class_list":{"0":"post-3836","1":"product","2":"type-product","3":"status-publish","4":"has-post-thumbnail","6":"product_cat-brocas","8":"first","9":"instock","10":"taxable","11":"shipping-taxable","12":"purchasable","13":"product-type-simple"},"_links":{"self":[{"href":"https:\/\/itv.geekbotelectronics.com\/index.php\/wp-json\/wp\/v2\/product\/3836"}],"collection":[{"href":"https:\/\/itv.geekbotelectronics.com\/index.php\/wp-json\/wp\/v2\/product"}],"about":[{"href":"https:\/\/itv.geekbotelectronics.com\/index.php\/wp-json\/wp\/v2\/types\/product"}],"replies":[{"embeddable":true,"href":"https:\/\/itv.geekbotelectronics.com\/index.php\/wp-json\/wp\/v2\/comments?post=3836"}],"wp:featuredmedia":[{"embeddable":true,"href":"https:\/\/itv.geekbotelectronics.com\/index.php\/wp-json\/wp\/v2\/media\/1595"}],"wp:attachment":[{"href":"https:\/\/itv.geekbotelectronics.com\/index.php\/wp-json\/wp\/v2\/media?parent=3836"}],"wp:term":[{"taxonomy":"product_brand","embeddable":true,"href":"https:\/\/itv.geekbotelectronics.com\/index.php\/wp-json\/wp\/v2\/product_brand?post=3836"},{"taxonomy":"product_cat","embeddable":true,"href":"https:\/\/itv.geekbotelectronics.com\/index.php\/wp-json\/wp\/v2\/product_cat?post=3836"},{"taxonomy":"product_tag","embeddable":true,"href":"https:\/\/itv.geekbotelectronics.com\/index.php\/wp-json\/wp\/v2\/product_tag?post=3836"}],"curies":[{"name":"wp","href":"https:\/\/api.w.org\/{rel}","templated":true}]}}