{"id":3892,"date":"2022-09-05T22:13:43","date_gmt":"2022-09-06T04:13:43","guid":{"rendered":"https:\/\/itv.geekbotelectronics.com\/?post_type=product&#038;p=3892"},"modified":"2024-12-10T09:52:19","modified_gmt":"2024-12-10T15:52:19","slug":"pinza-caiman-niquelado-negro","status":"publish","type":"product","link":"https:\/\/itv.geekbotelectronics.com\/index.php\/product\/pinza-caiman-niquelado-negro\/","title":{"rendered":"Pinza Caim\u00e1n Niquelado Negro"},"content":{"rendered":"<p>Pinza Caim\u00e1n Niquelado con mango aislante.<\/p>\n<p>Para pasar corriente, alimentar y\/o conectar circuitos el\u00e9ctricos y electr\u00f3nicos.<\/p>\n<p>Corriente m\u00e1xima: 30 A<\/p>\n<p>Calibre de la l\u00e1mina: 26<\/p>\n<p>Medida del caim\u00e1n: 75 mm Largo \u00d7 11 mm ancho (brazo del caim\u00e1n)<\/p>\n<p>Color: Negro<\/p>\n","protected":false},"excerpt":{"rendered":"<p>Pinza Caim\u00e1n Niquelado con mango aislante. Para pasar corriente, alimentar y\/o conectar circuitos el\u00e9ctricos y electr\u00f3nicos. Corriente m\u00e1xima: 30 A Calibre de la l\u00e1mina: 26 Medida del caim\u00e1n: 75 mm Largo \u00d7 11 mm ancho (brazo del caim\u00e1n) Color: Negro<\/p>\n","protected":false},"featured_media":1696,"comment_status":"closed","ping_status":"closed","template":"","meta":{"_lmt_disableupdate":"no","_lmt_disable":""},"product_brand":[],"product_cat":[101],"product_tag":[],"class_list":{"0":"post-3892","1":"product","2":"type-product","3":"status-publish","4":"has-post-thumbnail","6":"product_cat-accesorios","8":"first","9":"instock","10":"taxable","11":"shipping-taxable","12":"purchasable","13":"product-type-simple"},"_links":{"self":[{"href":"https:\/\/itv.geekbotelectronics.com\/index.php\/wp-json\/wp\/v2\/product\/3892"}],"collection":[{"href":"https:\/\/itv.geekbotelectronics.com\/index.php\/wp-json\/wp\/v2\/product"}],"about":[{"href":"https:\/\/itv.geekbotelectronics.com\/index.php\/wp-json\/wp\/v2\/types\/product"}],"replies":[{"embeddable":true,"href":"https:\/\/itv.geekbotelectronics.com\/index.php\/wp-json\/wp\/v2\/comments?post=3892"}],"wp:featuredmedia":[{"embeddable":true,"href":"https:\/\/itv.geekbotelectronics.com\/index.php\/wp-json\/wp\/v2\/media\/1696"}],"wp:attachment":[{"href":"https:\/\/itv.geekbotelectronics.com\/index.php\/wp-json\/wp\/v2\/media?parent=3892"}],"wp:term":[{"taxonomy":"product_brand","embeddable":true,"href":"https:\/\/itv.geekbotelectronics.com\/index.php\/wp-json\/wp\/v2\/product_brand?post=3892"},{"taxonomy":"product_cat","embeddable":true,"href":"https:\/\/itv.geekbotelectronics.com\/index.php\/wp-json\/wp\/v2\/product_cat?post=3892"},{"taxonomy":"product_tag","embeddable":true,"href":"https:\/\/itv.geekbotelectronics.com\/index.php\/wp-json\/wp\/v2\/product_tag?post=3892"}],"curies":[{"name":"wp","href":"https:\/\/api.w.org\/{rel}","templated":true}]}}