{"id":3970,"date":"2022-09-05T22:14:07","date_gmt":"2022-09-06T04:14:07","guid":{"rendered":"https:\/\/itv.geekbotelectronics.com\/?post_type=product&#038;p=3970"},"modified":"2025-05-13T14:30:29","modified_gmt":"2025-05-13T20:30:29","slug":"organizador-con-18-divisiones","status":"publish","type":"product","link":"https:\/\/itv.geekbotelectronics.com\/index.php\/product\/organizador-con-18-divisiones\/","title":{"rendered":"Organizador con 18 Divisiones"},"content":{"rendered":"","protected":false},"excerpt":{"rendered":"<h4>ORGANIZADOR DE 18\u00a0DIVISIONES<\/h4>\n<p>Es el elemento ideal para mantener ordenados varios accesorios como tornillos, tuercas y hasta monedas. Esta fabricada de polipropileno, caracter\u00edstica que la hace muy resistente a golpes y garantiza una larga duraci\u00f3n a trav\u00e9s del tiempo. Gracias a sus ganchos de pl\u00e1stico mantendr\u00e1s siempre en su lugar cada cosa evitando que estas se salgan de la caja y se extrav\u00eden.<\/p>\n","protected":false},"featured_media":1845,"comment_status":"closed","ping_status":"closed","template":"","meta":{"_lmt_disableupdate":"no","_lmt_disable":""},"product_brand":[],"product_cat":[133],"product_tag":[155],"class_list":{"0":"post-3970","1":"product","2":"type-product","3":"status-publish","4":"has-post-thumbnail","6":"product_cat-cajas-de-herramientas","7":"product_tag-truper","9":"first","10":"outofstock","11":"taxable","12":"shipping-taxable","13":"purchasable","14":"product-type-simple"},"_links":{"self":[{"href":"https:\/\/itv.geekbotelectronics.com\/index.php\/wp-json\/wp\/v2\/product\/3970"}],"collection":[{"href":"https:\/\/itv.geekbotelectronics.com\/index.php\/wp-json\/wp\/v2\/product"}],"about":[{"href":"https:\/\/itv.geekbotelectronics.com\/index.php\/wp-json\/wp\/v2\/types\/product"}],"replies":[{"embeddable":true,"href":"https:\/\/itv.geekbotelectronics.com\/index.php\/wp-json\/wp\/v2\/comments?post=3970"}],"wp:featuredmedia":[{"embeddable":true,"href":"https:\/\/itv.geekbotelectronics.com\/index.php\/wp-json\/wp\/v2\/media\/1845"}],"wp:attachment":[{"href":"https:\/\/itv.geekbotelectronics.com\/index.php\/wp-json\/wp\/v2\/media?parent=3970"}],"wp:term":[{"taxonomy":"product_brand","embeddable":true,"href":"https:\/\/itv.geekbotelectronics.com\/index.php\/wp-json\/wp\/v2\/product_brand?post=3970"},{"taxonomy":"product_cat","embeddable":true,"href":"https:\/\/itv.geekbotelectronics.com\/index.php\/wp-json\/wp\/v2\/product_cat?post=3970"},{"taxonomy":"product_tag","embeddable":true,"href":"https:\/\/itv.geekbotelectronics.com\/index.php\/wp-json\/wp\/v2\/product_tag?post=3970"}],"curies":[{"name":"wp","href":"https:\/\/api.w.org\/{rel}","templated":true}]}}