{"id":3973,"date":"2022-09-05T22:14:07","date_gmt":"2022-09-06T04:14:07","guid":{"rendered":"https:\/\/itv.geekbotelectronics.com\/?post_type=product&#038;p=3973"},"modified":"2024-09-09T10:34:38","modified_gmt":"2024-09-09T16:34:38","slug":"multimetro-digital","status":"publish","type":"product","link":"https:\/\/itv.geekbotelectronics.com\/index.php\/product\/multimetro-digital\/","title":{"rendered":"Mult\u00edmetro Digital"},"content":{"rendered":"<p>Mult\u00edmetro Digital para Mantenimiento Profesional, excelente para proyectos que requieran mediciones m\u00e1s exactas y en un rango mayor.<\/p>\n<h4>Caracter\u00edsticas:<\/h4>\n<ul>\n<li>Rango de medici\u00f3n de Tensi\u00f3n C.A.: 200 V a 750 V<\/li>\n<li>Rango de medici\u00f3n de Tensi\u00f3n C.C.: 200 mV a 1000 V<\/li>\n<li>Rango de medici\u00f3n de Corriente C.C.: 200 mA a 10 A<\/li>\n<li>Rango de medici\u00f3n de Resistencia: 200 Ohms a 2000 KOhms<\/li>\n<li>Realiza pruebas de diodo y continuidad<\/li>\n<li>Cubierta protectora a prueba de\u00a0impactos<\/li>\n<li>Pantalla de cristal l\u00edquido con retro iluminaci\u00f3n<\/li>\n<li>Probador\u00a0de continuidad audible<\/li>\n<li>Incluye puntas de medici\u00f3n y display mostrador de valores<\/li>\n<li>Incluye 1 Sonda termopar<\/li>\n<li>Bater\u00eda incluida<\/li>\n<\/ul>\n","protected":false},"excerpt":{"rendered":"<p>&nbsp;<\/p>\n<p>Mult\u00edmetro digital profesional<\/p>\n","protected":false},"featured_media":14092,"comment_status":"closed","ping_status":"closed","template":"","meta":{"_lmt_disableupdate":"no","_lmt_disable":""},"product_brand":[],"product_cat":[105],"product_tag":[155],"class_list":{"0":"post-3973","1":"product","2":"type-product","3":"status-publish","4":"has-post-thumbnail","6":"product_cat-medicion","7":"product_tag-truper","9":"first","10":"outofstock","11":"taxable","12":"shipping-taxable","13":"purchasable","14":"product-type-simple"},"_links":{"self":[{"href":"https:\/\/itv.geekbotelectronics.com\/index.php\/wp-json\/wp\/v2\/product\/3973"}],"collection":[{"href":"https:\/\/itv.geekbotelectronics.com\/index.php\/wp-json\/wp\/v2\/product"}],"about":[{"href":"https:\/\/itv.geekbotelectronics.com\/index.php\/wp-json\/wp\/v2\/types\/product"}],"replies":[{"embeddable":true,"href":"https:\/\/itv.geekbotelectronics.com\/index.php\/wp-json\/wp\/v2\/comments?post=3973"}],"wp:featuredmedia":[{"embeddable":true,"href":"https:\/\/itv.geekbotelectronics.com\/index.php\/wp-json\/wp\/v2\/media\/14092"}],"wp:attachment":[{"href":"https:\/\/itv.geekbotelectronics.com\/index.php\/wp-json\/wp\/v2\/media?parent=3973"}],"wp:term":[{"taxonomy":"product_brand","embeddable":true,"href":"https:\/\/itv.geekbotelectronics.com\/index.php\/wp-json\/wp\/v2\/product_brand?post=3973"},{"taxonomy":"product_cat","embeddable":true,"href":"https:\/\/itv.geekbotelectronics.com\/index.php\/wp-json\/wp\/v2\/product_cat?post=3973"},{"taxonomy":"product_tag","embeddable":true,"href":"https:\/\/itv.geekbotelectronics.com\/index.php\/wp-json\/wp\/v2\/product_tag?post=3973"}],"curies":[{"name":"wp","href":"https:\/\/api.w.org\/{rel}","templated":true}]}}