{"id":4233,"date":"2022-09-05T22:15:19","date_gmt":"2022-09-06T04:15:19","guid":{"rendered":"https:\/\/itv.geekbotelectronics.com\/?post_type=product&#038;p=4233"},"modified":"2023-09-08T17:15:20","modified_gmt":"2023-09-08T23:15:20","slug":"sensor-sw-18020p-vibracion","status":"publish","type":"product","link":"https:\/\/itv.geekbotelectronics.com\/index.php\/product\/sensor-sw-18020p-vibracion\/","title":{"rendered":"Sensor SW-18020P Vibraci\u00f3n"},"content":{"rendered":"<h3 class=\"default\">Sensor SW-18020P Vibraci\u00f3n<\/h3>\n<div id=\"productDescription\" class=\"a-section a-spacing-small\">\n<h4>Descripci\u00f3n:<\/h4>\n<p>1. No direccional, se enciende por cualquier \u00e1ngulo de toque.<\/p>\n<p>2. Aplicado a aparatos el\u00e9ctricos, peque\u00f1os electrodom\u00e9sticos, equipos deportivos y dispositivos antirrobo.<\/p>\n<p>3. En un entorno silencioso se mantiene apagado el estado con cualquier \u00e1ngulo, cuando es golpeado por la fuerza exterior y llega al estado de sacudida adecuado o la velocidad de movimiento llega a la fuerza centrada adecuada, entonces el punto l\u00edder actual mostrar\u00e1 el estado de encendido durante un corto tiempo el car\u00e1cter el\u00e9ctrico ser\u00e1 cambiado, ya que la fuerza exterior desaparece, restaura el estado de apagado.<\/p>\n<h4>Especificaciones:<\/h4>\n<ul>\n<li>Nombre del producto: Interruptor de vibraci\u00f3n.<\/li>\n<li>N\u00famero de modelo: SW-18020P<\/li>\n<li>Sensibilidad: Sensibilidad ordinaria<\/li>\n<li>Voltaje m\u00e1ximo: 12 V.<\/li>\n<li>Corriente t\u00e9rmica nominal: 5mA<\/li>\n<li>Resistencia de aislamiento: 10M ohmios<\/li>\n<li>Resistencia m\u00e1xima: 212.0 \u00b0F<\/li>\n<li>Tama\u00f1o del pin: 0.413 in x 0.024 in (largo x ancho).<\/li>\n<li>Dimensi\u00f3n del cuerpo: 0.453\u00a0in x 0.177\u00a0in (largo x ancho).<\/li>\n<\/ul>\n<\/div>\n","protected":false},"excerpt":{"rendered":"<p>Sensor SW-18020P Vibraci\u00f3n Descripci\u00f3n: 1. No direccional, se enciende por cualquier \u00e1ngulo de toque. 2. Aplicado a aparatos el\u00e9ctricos, peque\u00f1os electrodom\u00e9sticos, equipos deportivos y dispositivos antirrobo. 3. En un entorno silencioso se mantiene apagado el estado con cualquier \u00e1ngulo, cuando es golpeado por la fuerza exterior y llega al estado de sacudida adecuado o la [&hellip;]<\/p>\n","protected":false},"featured_media":2244,"comment_status":"open","ping_status":"closed","template":"","meta":{"_lmt_disableupdate":"","_lmt_disable":""},"product_brand":[],"product_cat":[142],"product_tag":[],"class_list":{"0":"post-4233","1":"product","2":"type-product","3":"status-publish","4":"has-post-thumbnail","6":"product_cat-flexion-fuerza","8":"first","9":"outofstock","10":"taxable","11":"shipping-taxable","12":"product-type-simple"},"_links":{"self":[{"href":"https:\/\/itv.geekbotelectronics.com\/index.php\/wp-json\/wp\/v2\/product\/4233"}],"collection":[{"href":"https:\/\/itv.geekbotelectronics.com\/index.php\/wp-json\/wp\/v2\/product"}],"about":[{"href":"https:\/\/itv.geekbotelectronics.com\/index.php\/wp-json\/wp\/v2\/types\/product"}],"replies":[{"embeddable":true,"href":"https:\/\/itv.geekbotelectronics.com\/index.php\/wp-json\/wp\/v2\/comments?post=4233"}],"wp:featuredmedia":[{"embeddable":true,"href":"https:\/\/itv.geekbotelectronics.com\/index.php\/wp-json\/wp\/v2\/media\/2244"}],"wp:attachment":[{"href":"https:\/\/itv.geekbotelectronics.com\/index.php\/wp-json\/wp\/v2\/media?parent=4233"}],"wp:term":[{"taxonomy":"product_brand","embeddable":true,"href":"https:\/\/itv.geekbotelectronics.com\/index.php\/wp-json\/wp\/v2\/product_brand?post=4233"},{"taxonomy":"product_cat","embeddable":true,"href":"https:\/\/itv.geekbotelectronics.com\/index.php\/wp-json\/wp\/v2\/product_cat?post=4233"},{"taxonomy":"product_tag","embeddable":true,"href":"https:\/\/itv.geekbotelectronics.com\/index.php\/wp-json\/wp\/v2\/product_tag?post=4233"}],"curies":[{"name":"wp","href":"https:\/\/api.w.org\/{rel}","templated":true}]}}