{"id":4257,"date":"2022-09-05T22:15:26","date_gmt":"2022-09-06T04:15:26","guid":{"rendered":"https:\/\/itv.geekbotelectronics.com\/?post_type=product&#038;p=4257"},"modified":"2023-09-08T17:15:21","modified_gmt":"2023-09-08T23:15:21","slug":"sensor-ecs1-0802p-acs3-ptfe-proximidad-inductivo","status":"publish","type":"product","link":"https:\/\/itv.geekbotelectronics.com\/index.php\/product\/sensor-ecs1-0802p-acs3-ptfe-proximidad-inductivo\/","title":{"rendered":"Sensor ECS1-0802P-ACS3-PTFE Proximidad Inductivo"},"content":{"rendered":"<h3>Sensor ECS1-0802P-ACS3-PTFE Proximidad Inductivo<\/h3>\n<p>Sensor HTM ECS1-0802P-ACS3-PTFE 100\u00b0 C alta temperatura. DC 3 hilos alta temperatura. Sensor de proximidad inductivo M8 con distancia de detecci\u00f3n de 2 mm, blindado, cuerpo y cara de acero inoxidable SUS303 de 1 pieza, revestimiento de tefl\u00f3n, cuerpo largo (45 mm), salida PNP, normalmente abierto, M8 pico de desconexi\u00f3n r\u00e1pida de 3 pines, protegido contra cortocircuitos, protegido contra polaridad inversa, clasificaci\u00f3n IP68.<\/p>\n<h4>Especificaciones:<\/h4>\n<ul>\n<li class=\"item-spec-line\">Tipo: Sensor de proximidad de cabeza met\u00e1lica de rango extendido<\/li>\n<li class=\"item-spec-line\">Forma: cil\u00edndrica<\/li>\n<li class=\"item-spec-line\">Di\u00e1metro: M8<\/li>\n<li class=\"item-spec-line\">Rango de detecci\u00f3n: rango de 2 mm<\/li>\n<li class=\"item-spec-line\">Estilo de montaje: blindado<\/li>\n<li class=\"item-spec-line\">Tipo de salida: PNP<\/li>\n<li class=\"item-spec-line\">Funci\u00f3n de salida: normalmente abierta<\/li>\n<li class=\"item-spec-line\">Conexi\u00f3n: desconexi\u00f3n r\u00e1pida de 3 pines<\/li>\n<li class=\"item-spec-line\">Conector: conector M8<\/li>\n<li class=\"item-spec-line\">Longitud del cuerpo: 60<\/li>\n<li class=\"item-spec-line\">Material de la carcasa: acero inoxidable SUS303<\/li>\n<li class=\"item-spec-line\">Material de la cara sensible: acero inoxidable de 1 pieza<\/li>\n<li class=\"item-spec-line\">Clasificaci\u00f3n IP: IP68<\/li>\n<li class=\"item-spec-line\">Temperatura de funcionamiento: -20 C &#8211; +100 C<\/li>\n<li class=\"item-spec-line\">Voltaje de funcionamiento: 10-30 V CC<\/li>\n<li class=\"item-spec-line\">Consumo de corriente: &lt;10 mA<\/li>\n<li class=\"item-spec-line\">Corriente de fuga: &lt;0.01 mA<\/li>\n<li class=\"item-spec-line\">Corriente m\u00e1xima: 200 mA<\/li>\n<li class=\"item-spec-line\">Punto de disparo de sobrecarga: \u00b3220 mA<\/li>\n<li class=\"item-spec-line\">Protecci\u00f3n contra cortocircuitos: S\u00ed<\/li>\n<li class=\"item-spec-line\">Protecci\u00f3n contra polaridad inversa: S\u00ed<\/li>\n<li class=\"item-spec-line\">Frecuencia de conmutaci\u00f3n: 2 KHz<\/li>\n<li class=\"item-spec-line\">Tiempo de respuesta: 0,1 ms \/ 0,1 ms<\/li>\n<li class=\"item-spec-line\">Clasificaci\u00f3n EMC: RFI&gt; 3V \/ m \/ EFT&gt; 1kV \/ ESD&gt; 4Kv (contacto)<\/li>\n<li class=\"item-spec-line\">Clasificaci\u00f3n de golpes \/ vibraciones: IEC 60497-5-2 Parte 7.4.1 y 7.4.2<\/li>\n<li class=\"item-spec-line\">Inmune al campo de soldadura: No<\/li>\n<li class=\"item-spec-line\">Resistente a las salpicaduras de soldadura: S\u00ed<\/li>\n<li class=\"item-spec-line\">Descripci\u00f3n: M8, rango de 2 mm, PNP, normalmente abierto<\/li>\n<\/ul>\n<p><a href=\"https:\/\/geekbotelectronics.com\/wp-content\/uploads\/2021\/10\/Sensor-ECS1-0802P-ACU3-PTFE-100C.pdf\">Datasheet<\/a><\/p>\n","protected":false},"excerpt":{"rendered":"<p>Sensor ECS1-0802P-ACS3-PTFE Proximidad Inductivo Sensor HTM ECS1-0802P-ACS3-PTFE 100\u00b0 C alta temperatura. DC 3 hilos alta temperatura. Sensor de proximidad inductivo M8 con distancia de detecci\u00f3n de 2 mm, blindado, cuerpo y cara de acero inoxidable SUS303 de 1 pieza, revestimiento de tefl\u00f3n, cuerpo largo (45 mm), salida PNP, normalmente abierto, M8 pico de desconexi\u00f3n r\u00e1pida [&hellip;]<\/p>\n","protected":false},"featured_media":2288,"comment_status":"open","ping_status":"closed","template":"","meta":{"_lmt_disableupdate":"","_lmt_disable":""},"product_brand":[],"product_cat":[68,61],"product_tag":[],"class_list":{"0":"post-4257","1":"product","2":"type-product","3":"status-publish","4":"has-post-thumbnail","6":"product_cat-ambientales","7":"product_cat-proximidad","9":"first","10":"outofstock","11":"taxable","12":"shipping-taxable","13":"product-type-simple"},"_links":{"self":[{"href":"https:\/\/itv.geekbotelectronics.com\/index.php\/wp-json\/wp\/v2\/product\/4257"}],"collection":[{"href":"https:\/\/itv.geekbotelectronics.com\/index.php\/wp-json\/wp\/v2\/product"}],"about":[{"href":"https:\/\/itv.geekbotelectronics.com\/index.php\/wp-json\/wp\/v2\/types\/product"}],"replies":[{"embeddable":true,"href":"https:\/\/itv.geekbotelectronics.com\/index.php\/wp-json\/wp\/v2\/comments?post=4257"}],"wp:featuredmedia":[{"embeddable":true,"href":"https:\/\/itv.geekbotelectronics.com\/index.php\/wp-json\/wp\/v2\/media\/2288"}],"wp:attachment":[{"href":"https:\/\/itv.geekbotelectronics.com\/index.php\/wp-json\/wp\/v2\/media?parent=4257"}],"wp:term":[{"taxonomy":"product_brand","embeddable":true,"href":"https:\/\/itv.geekbotelectronics.com\/index.php\/wp-json\/wp\/v2\/product_brand?post=4257"},{"taxonomy":"product_cat","embeddable":true,"href":"https:\/\/itv.geekbotelectronics.com\/index.php\/wp-json\/wp\/v2\/product_cat?post=4257"},{"taxonomy":"product_tag","embeddable":true,"href":"https:\/\/itv.geekbotelectronics.com\/index.php\/wp-json\/wp\/v2\/product_tag?post=4257"}],"curies":[{"name":"wp","href":"https:\/\/api.w.org\/{rel}","templated":true}]}}