{"id":4267,"date":"2022-09-05T22:15:33","date_gmt":"2022-09-06T04:15:33","guid":{"rendered":"https:\/\/itv.geekbotelectronics.com\/?post_type=product&#038;p=4267"},"modified":"2025-02-11T11:32:38","modified_gmt":"2025-02-11T17:32:38","slug":"sensor-de-presion-mps20n0040d-d-0-40kpa","status":"publish","type":"product","link":"https:\/\/itv.geekbotelectronics.com\/index.php\/product\/sensor-de-presion-mps20n0040d-d-0-40kpa\/","title":{"rendered":"Sensor de Presi\u00f3n MPS20N0040D-D 0-40KPa"},"content":{"rendered":"<h3>MPS20N0040D-D<\/h3>\n<p>El\u00a0<strong>Sensor de Presi\u00f3n Diferencial\u00a0<\/strong>de tecnolog\u00eda MEMS de alta fiabilidad y bajo costo. Dispositivo de f\u00e1cil uso que puede ser empleado a nivel industrial, automotriz e instrumentaci\u00f3n m\u00e9dica.<\/p>\n<h4>Aplicaciones<\/h4>\n<ul>\n<li>Equipo de diagnostico automotriz.<\/li>\n<li>Sensores de vigilancia ambiental.<\/li>\n<li>Equipos de monitoreo de pacientes.<\/li>\n<\/ul>\n<h4>Especificaciones:<\/h4>\n<ul>\n<li>Voltaje de alimentaci\u00f3n: 5Vdc.<\/li>\n<li>Impedancia de Entrada: De 4K\u03a9 a 6K\u03a9.<\/li>\n<li>Voltaje de Salida: 50mV ~ 100mV.<\/li>\n<li>Linealidad: \u00b1 3% a Escala Completa.<\/li>\n<li>Rango de operaci\u00f3n de temperatura: -40\u00b0C ~ +85\u00b0C.<\/li>\n<li>Rango de Medida: 0 &#8211; 40 kPa. (presi\u00f3n diferencial).<\/li>\n<\/ul>\n","protected":false},"excerpt":{"rendered":"<p>MPS20N0040D-D El\u00a0Sensor de Presi\u00f3n Diferencial\u00a0de tecnolog\u00eda MEMS de alta fiabilidad y bajo costo. Dispositivo de f\u00e1cil uso que puede ser empleado a nivel industrial, automotriz e instrumentaci\u00f3n m\u00e9dica. Aplicaciones Equipo de diagnostico automotriz. Sensores de vigilancia ambiental. Equipos de monitoreo de pacientes. Especificaciones: Voltaje de alimentaci\u00f3n: 5Vdc. Impedancia de Entrada: De 4K\u03a9 a 6K\u03a9. Voltaje [&hellip;]<\/p>\n","protected":false},"featured_media":2296,"comment_status":"open","ping_status":"closed","template":"","meta":{"_lmt_disableupdate":"no","_lmt_disable":""},"product_brand":[],"product_cat":[68],"product_tag":[],"class_list":{"0":"post-4267","1":"product","2":"type-product","3":"status-publish","4":"has-post-thumbnail","6":"product_cat-ambientales","8":"first","9":"instock","10":"taxable","11":"shipping-taxable","12":"purchasable","13":"product-type-simple"},"_links":{"self":[{"href":"https:\/\/itv.geekbotelectronics.com\/index.php\/wp-json\/wp\/v2\/product\/4267"}],"collection":[{"href":"https:\/\/itv.geekbotelectronics.com\/index.php\/wp-json\/wp\/v2\/product"}],"about":[{"href":"https:\/\/itv.geekbotelectronics.com\/index.php\/wp-json\/wp\/v2\/types\/product"}],"replies":[{"embeddable":true,"href":"https:\/\/itv.geekbotelectronics.com\/index.php\/wp-json\/wp\/v2\/comments?post=4267"}],"wp:featuredmedia":[{"embeddable":true,"href":"https:\/\/itv.geekbotelectronics.com\/index.php\/wp-json\/wp\/v2\/media\/2296"}],"wp:attachment":[{"href":"https:\/\/itv.geekbotelectronics.com\/index.php\/wp-json\/wp\/v2\/media?parent=4267"}],"wp:term":[{"taxonomy":"product_brand","embeddable":true,"href":"https:\/\/itv.geekbotelectronics.com\/index.php\/wp-json\/wp\/v2\/product_brand?post=4267"},{"taxonomy":"product_cat","embeddable":true,"href":"https:\/\/itv.geekbotelectronics.com\/index.php\/wp-json\/wp\/v2\/product_cat?post=4267"},{"taxonomy":"product_tag","embeddable":true,"href":"https:\/\/itv.geekbotelectronics.com\/index.php\/wp-json\/wp\/v2\/product_tag?post=4267"}],"curies":[{"name":"wp","href":"https:\/\/api.w.org\/{rel}","templated":true}]}}