{"id":7495,"date":"2023-03-27T16:32:54","date_gmt":"2023-03-27T22:32:54","guid":{"rendered":"https:\/\/itv.geekbotelectronics.com\/?post_type=product&#038;p=7495"},"modified":"2025-10-16T09:59:11","modified_gmt":"2025-10-16T15:59:11","slug":"organizador-con-36-divisiones","status":"publish","type":"product","link":"https:\/\/itv.geekbotelectronics.com\/index.php\/product\/organizador-con-36-divisiones\/","title":{"rendered":"Organizador con 36 Divisiones"},"content":{"rendered":"","protected":false},"excerpt":{"rendered":"<h4>ORGANIZADOR DE 11\u00a0DIVISIONES<\/h4>\n<p>Es el elemento ideal para mantener ordenados varios accesorios como tornillos, tuercas y hasta monedas. Esta fabricada de polipropileno, caracter\u00edstica que la hace muy resistente a golpes y garantiza una larga duraci\u00f3n a trav\u00e9s del tiempo. Gracias a sus ganchos de pl\u00e1stico mantendr\u00e1s siempre en su lugar cada cosa evitando que estas se salgan de la caja y se extrav\u00eden.<\/p>\n","protected":false},"featured_media":7498,"comment_status":"closed","ping_status":"closed","template":"","meta":{"_lmt_disableupdate":"no","_lmt_disable":""},"product_brand":[],"product_cat":[133,104],"product_tag":[155],"class_list":{"0":"post-7495","1":"product","2":"type-product","3":"status-publish","4":"has-post-thumbnail","6":"product_cat-cajas-de-herramientas","7":"product_cat-herramienta","8":"product_tag-truper","10":"first","11":"instock","12":"taxable","13":"shipping-taxable","14":"purchasable","15":"product-type-simple"},"_links":{"self":[{"href":"https:\/\/itv.geekbotelectronics.com\/index.php\/wp-json\/wp\/v2\/product\/7495"}],"collection":[{"href":"https:\/\/itv.geekbotelectronics.com\/index.php\/wp-json\/wp\/v2\/product"}],"about":[{"href":"https:\/\/itv.geekbotelectronics.com\/index.php\/wp-json\/wp\/v2\/types\/product"}],"replies":[{"embeddable":true,"href":"https:\/\/itv.geekbotelectronics.com\/index.php\/wp-json\/wp\/v2\/comments?post=7495"}],"wp:featuredmedia":[{"embeddable":true,"href":"https:\/\/itv.geekbotelectronics.com\/index.php\/wp-json\/wp\/v2\/media\/7498"}],"wp:attachment":[{"href":"https:\/\/itv.geekbotelectronics.com\/index.php\/wp-json\/wp\/v2\/media?parent=7495"}],"wp:term":[{"taxonomy":"product_brand","embeddable":true,"href":"https:\/\/itv.geekbotelectronics.com\/index.php\/wp-json\/wp\/v2\/product_brand?post=7495"},{"taxonomy":"product_cat","embeddable":true,"href":"https:\/\/itv.geekbotelectronics.com\/index.php\/wp-json\/wp\/v2\/product_cat?post=7495"},{"taxonomy":"product_tag","embeddable":true,"href":"https:\/\/itv.geekbotelectronics.com\/index.php\/wp-json\/wp\/v2\/product_tag?post=7495"}],"curies":[{"name":"wp","href":"https:\/\/api.w.org\/{rel}","templated":true}]}}